Last updated on 2023-12-06 23:12:05 CET.
Flavor | Version | Tinstall | Tcheck | Ttotal | Status | Flags |
---|---|---|---|---|---|---|
r-devel-linux-x86_64-debian-clang | 1.0 | 27.05 | 27.09 | 54.14 | NOTE | |
r-devel-linux-x86_64-debian-gcc | 1.0 | 16.54 | 21.54 | 38.08 | NOTE | |
r-devel-linux-x86_64-fedora-clang | 1.0 | 76.81 | NOTE | |||
r-devel-linux-x86_64-fedora-gcc | 1.0 | 73.24 | NOTE | |||
r-devel-windows-x86_64 | 1.0 | 24.00 | 58.00 | 82.00 | NOTE | |
r-patched-linux-x86_64 | 1.0 | 19.79 | 26.63 | 46.42 | NOTE | |
r-release-linux-x86_64 | 1.0 | 21.15 | 27.16 | 48.31 | NOTE | |
r-release-macos-arm64 | 1.0 | 28.00 | NOTE | |||
r-release-macos-x86_64 | 1.0 | 38.00 | NOTE | |||
r-release-windows-x86_64 | 1.0 | 29.00 | 63.00 | 92.00 | NOTE | |
r-oldrel-macos-arm64 | 1.0 | 26.00 | NOTE | |||
r-oldrel-macos-x86_64 | 1.0 | 30.00 | NOTE | |||
r-oldrel-windows-x86_64 | 1.0 | 26.00 | 67.00 | 93.00 | NOTE |
Version: 1.0
Check: LazyData
Result: NOTE
'LazyData' is specified without a 'data' directory
Flavors: r-devel-linux-x86_64-debian-clang, r-devel-linux-x86_64-debian-gcc, r-devel-linux-x86_64-fedora-clang, r-devel-linux-x86_64-fedora-gcc, r-devel-windows-x86_64, r-patched-linux-x86_64, r-release-linux-x86_64, r-release-macos-arm64, r-release-macos-x86_64, r-release-windows-x86_64, r-oldrel-macos-arm64, r-oldrel-macos-x86_64, r-oldrel-windows-x86_64
Version: 1.0
Check: compiled code
Result: NOTE
File ‘MediaK/libs/MediaK.so’:
Found no calls to: ‘R_registerRoutines’, ‘R_useDynamicSymbols’
It is good practice to register native routines and to disable symbol
search.
See ‘Writing portable packages’ in the ‘Writing R Extensions’ manual.
Flavors: r-devel-linux-x86_64-fedora-clang, r-devel-linux-x86_64-fedora-gcc