CRAN Package Check Results for Package Mega2R

Last updated on 2024-06-13 22:49:34 CEST.

Flavor Version Tinstall Tcheck Ttotal Status Flags
r-devel-linux-x86_64-debian-clang 1.1.0 65.75 491.23 556.98 OK
r-devel-linux-x86_64-debian-gcc 1.1.0 0.61 1.77 2.38 ERROR
r-devel-linux-x86_64-fedora-clang 1.1.0 736.40 OK
r-devel-linux-x86_64-fedora-gcc 1.1.0 607.36 OK
r-devel-windows-x86_64 1.1.0 56.00 406.00 462.00 OK
r-patched-linux-x86_64 1.1.0 55.86 493.35 549.21 OK
r-release-linux-x86_64 1.1.0 43.70 488.15 531.85 OK
r-release-macos-arm64 1.1.0 150.00 NOTE
r-release-macos-x86_64 1.1.0 230.00 NOTE
r-release-windows-x86_64 1.1.0 57.00 410.00 467.00 OK
r-oldrel-macos-arm64 1.1.0 223.00 OK
r-oldrel-macos-x86_64 1.1.0 407.00 OK
r-oldrel-windows-x86_64 1.1.0 73.00 515.00 588.00 OK

Check Details

Version: 1.1.0
Check: package dependencies
Result: ERROR Packages required but not available: 'AnnotationDbi', 'RSQLite' Packages suggested but not available for checking: 'TxDb.Hsapiens.UCSC.hg19.knownGene', 'org.Hs.eg.db' See section ‘The DESCRIPTION file’ in the ‘Writing R Extensions’ manual. Flavor: r-devel-linux-x86_64-debian-gcc

Version: 1.1.0
Check: package dependencies
Result: NOTE Package suggested but not available for checking: ‘TxDb.Hsapiens.UCSC.hg19.knownGene’ Flavors: r-release-macos-arm64, r-release-macos-x86_64