Last updated on 2023-06-09 22:58:32 CEST.
Flavor | Version | Tinstall | Tcheck | Ttotal | Status | Flags |
---|---|---|---|---|---|---|
r-devel-linux-x86_64-debian-clang | 1.0.9 | 68.45 | 522.21 | 590.66 | OK | |
r-devel-linux-x86_64-debian-gcc | 1.0.9 | 58.54 | 403.54 | 462.08 | OK | |
r-devel-linux-x86_64-fedora-clang | 1.0.9 | 785.38 | OK | |||
r-devel-linux-x86_64-fedora-gcc | 1.0.9 | 761.84 | OK | |||
r-devel-windows-x86_64 | 1.0.9 | 55.00 | 426.00 | 481.00 | OK | |
r-patched-linux-x86_64 | 1.0.9 | 65.63 | 497.07 | 562.70 | OK | |
r-release-linux-x86_64 | 1.0.9 | 56.88 | 510.63 | 567.51 | OK | |
r-release-macos-arm64 | 1.0.9 | 169.00 | NOTE | |||
r-release-macos-x86_64 | 1.0.9 | 293.00 | NOTE | |||
r-release-windows-x86_64 | 1.0.9 | 72.00 | 550.00 | 622.00 | OK | |
r-oldrel-macos-arm64 | 1.0.9 | 139.00 | NOTE | |||
r-oldrel-macos-x86_64 | 1.0.9 | 320.00 | OK | |||
r-oldrel-windows-x86_64 | 1.0.9 | 69.00 | 522.00 | 591.00 | OK |
Version: 1.0.9
Check: package dependencies
Result: NOTE
Package suggested but not available for checking: ‘TxDb.Hsapiens.UCSC.hg19.knownGene’
Flavors: r-release-macos-arm64, r-release-macos-x86_64, r-oldrel-macos-arm64