Last updated on 2021-03-04 22:54:02 CET.
Flavor | Version | Tinstall | Tcheck | Ttotal | Status | Flags |
---|---|---|---|---|---|---|
r-devel-linux-x86_64-debian-clang | 1.0.0 | 14.22 | 110.26 | 124.48 | OK | |
r-devel-linux-x86_64-debian-gcc | 1.0.0 | 10.07 | 81.98 | 92.05 | OK | |
r-devel-linux-x86_64-fedora-clang | 1.0.0 | 162.64 | NOTE | |||
r-devel-linux-x86_64-fedora-gcc | 1.0.0 | 155.71 | NOTE | |||
r-devel-windows-ix86+x86_64 | 1.0.0 | 30.00 | 139.00 | 169.00 | OK | |
r-patched-linux-x86_64 | 1.0.0 | OK | ||||
r-release-linux-x86_64 | 1.0.0 | 10.01 | 101.61 | 111.62 | OK | |
r-release-macos-x86_64 | 1.0.0 | ERROR | ||||
r-release-windows-ix86+x86_64 | 1.0.0 | 23.00 | 105.00 | 128.00 | OK | |
r-oldrel-macos-x86_64 | 1.0.0 | ERROR | ||||
r-oldrel-windows-ix86+x86_64 | 1.0.0 | 24.00 | 128.00 | 152.00 | OK |
Version: 1.0.0
Check: package dependencies
Result: NOTE
Imports includes 29 non-default packages.
Importing from so many packages makes the package vulnerable to any of
them becoming unavailable. Move as many as possible to Suggests and
use conditionally.
Flavor: r-devel-linux-x86_64-fedora-clang
Version: 1.0.0
Check: dependencies in R code
Result: NOTE
Namespace in Imports field not imported from: ‘pacman’
All declared Imports should be used.
Flavors: r-devel-linux-x86_64-fedora-clang, r-devel-linux-x86_64-fedora-gcc
Version: 1.0.0
Check: package dependencies
Result: ERROR
Packages required but not available: 'KEGGREST', 'ChemmineR', 'Rdisop'
See section ‘The DESCRIPTION file’ in the ‘Writing R Extensions’
manual.
Flavor: r-release-macos-x86_64
Version: 1.0.0
Check: package dependencies
Result: ERROR
Package required but not available: ‘ChemmineR’
See section ‘The DESCRIPTION file’ in the ‘Writing R Extensions’
manual.
Flavor: r-oldrel-macos-x86_64