Last updated on 2024-03-28 23:01:49 CET.
Flavor | Version | Tinstall | Tcheck | Ttotal | Status | Flags |
---|---|---|---|---|---|---|
r-devel-linux-x86_64-debian-clang | 1.1.2 | 19.48 | 172.29 | 191.77 | NOTE | |
r-devel-linux-x86_64-debian-gcc | 1.1.2 | 15.05 | 125.15 | 140.20 | NOTE | |
r-devel-linux-x86_64-fedora-clang | 1.1.2 | 242.32 | NOTE | |||
r-devel-linux-x86_64-fedora-gcc | 1.1.2 | 234.66 | NOTE | |||
r-devel-windows-x86_64 | 1.1.2 | 17.00 | 156.00 | 173.00 | NOTE | |
r-patched-linux-x86_64 | 1.1.2 | 15.15 | 160.02 | 175.17 | NOTE | |
r-release-linux-x86_64 | 1.1.2 | 20.37 | 161.95 | 182.32 | OK | |
r-release-macos-arm64 | 1.1.2 | 79.00 | OK | |||
r-release-macos-x86_64 | 1.1.2 | 120.00 | OK | |||
r-release-windows-x86_64 | 1.1.2 | 23.00 | 195.00 | 218.00 | OK | |
r-oldrel-macos-arm64 | 1.1.2 | 73.00 | OK | |||
r-oldrel-windows-x86_64 | 1.1.2 | 26.00 | 183.00 | 209.00 | OK |
Version: 1.1.2
Check: Rd files
Result: NOTE
checkRd: (-1) CVLasoelacox.Rd:68-69: Lost braces in \itemize; \value handles \item{}{} directly
checkRd: (-1) CVLasoelacox.Rd:70-71: Lost braces in \itemize; \value handles \item{}{} directly
checkRd: (-1) CVLasoelacox.Rd:72: Lost braces in \itemize; \value handles \item{}{} directly
checkRd: (-1) CVLasoelacox.Rd:73: Lost braces in \itemize; \value handles \item{}{} directly
checkRd: (-1) CVLasoelacox.Rd:74-76: Lost braces in \itemize; \value handles \item{}{} directly
checkRd: (-1) CVLasoelacox.Rd:77-79: Lost braces in \itemize; \value handles \item{}{} directly
checkRd: (-1) CVLasoelacox.Rd:80-81: Lost braces in \itemize; \value handles \item{}{} directly
checkRd: (-1) CVLasoelacox.Rd:82-85: Lost braces in \itemize; \value handles \item{}{} directly
checkRd: (-1) CVLasoelacox.Rd:86-87: Lost braces in \itemize; \value handles \item{}{} directly
Flavors: r-devel-linux-x86_64-debian-clang, r-devel-linux-x86_64-debian-gcc, r-devel-linux-x86_64-fedora-clang, r-devel-linux-x86_64-fedora-gcc, r-devel-windows-x86_64, r-patched-linux-x86_64