Last updated on 2023-09-22 23:05:04 CEST.
Flavor | Version | Tinstall | Tcheck | Ttotal | Status | Flags |
---|---|---|---|---|---|---|
r-devel-linux-x86_64-debian-clang | 1.1 | 35.31 | 289.71 | 325.02 | OK | |
r-devel-linux-x86_64-debian-gcc | 1.1 | 28.25 | 236.65 | 264.90 | OK | |
r-devel-linux-x86_64-fedora-clang | 1.1 | 434.49 | NOTE | |||
r-devel-linux-x86_64-fedora-gcc | 1.1 | 483.56 | NOTE | |||
r-devel-windows-x86_64 | 1.1 | 31.00 | 220.00 | 251.00 | OK | |
r-patched-linux-x86_64 | 1.1 | 24.76 | 303.34 | 328.10 | OK | |
r-release-linux-x86_64 | 1.1 | 26.23 | 297.71 | 323.94 | OK | |
r-release-macos-arm64 | 1.1 | 6.00 | ERROR | |||
r-release-macos-x86_64 | 1.1 | 7.00 | ERROR | |||
r-release-windows-x86_64 | 1.1 | 38.00 | 279.00 | 317.00 | OK | |
r-oldrel-macos-arm64 | 1.1 | 103.00 | NOTE | |||
r-oldrel-macos-x86_64 | 1.1 | 173.00 | NOTE | |||
r-oldrel-windows-x86_64 | 1.1 | 42.00 | 276.00 | 318.00 | OK |
Version: 1.1
Check: dependencies in R code
Result: NOTE
Namespaces in Imports field not imported from:
‘MASS’ ‘Matrix’ ‘utils’
All declared Imports should be used.
Flavors: r-devel-linux-x86_64-fedora-clang, r-devel-linux-x86_64-fedora-gcc, r-oldrel-macos-arm64, r-oldrel-macos-x86_64
Version: 1.1
Check: package dependencies
Result: ERROR
Package required but not available: ‘phyloseq’
See section ‘The DESCRIPTION file’ in the ‘Writing R Extensions’
manual.
Flavors: r-release-macos-arm64, r-release-macos-x86_64