CRAN Package Check Results for Package MicrobiomeSurv

Last updated on 2025-01-20 22:49:05 CET.

Flavor Version Tinstall Tcheck Ttotal Status Flags
r-devel-linux-x86_64-debian-clang 0.1.0 7.50 80.85 88.35 OK
r-devel-linux-x86_64-debian-gcc 0.1.0 4.58 53.30 57.88 OK
r-devel-linux-x86_64-fedora-clang 0.1.0 148.72 OK
r-devel-linux-x86_64-fedora-gcc 0.1.0 159.16 OK
r-devel-windows-x86_64 0.1.0 10.00 106.00 116.00 OK
r-patched-linux-x86_64 0.1.0 9.91 76.10 86.01 OK
r-release-linux-x86_64 0.1.0 4.97 77.37 82.34 OK
r-release-macos-arm64 0.1.0 45.00 OK
r-release-macos-x86_64 0.1.0 66.00 OK
r-release-windows-x86_64 0.1.0 9.00 107.00 116.00 OK
r-oldrel-macos-arm64 0.1.0 10.00 ERROR
r-oldrel-macos-x86_64 0.1.0 11.00 ERROR
r-oldrel-windows-x86_64 0.1.0 11.00 132.00 143.00 OK

Check Details

Version: 0.1.0
Check: package dependencies
Result: ERROR Package required but not available: ‘microbiome’ See section ‘The DESCRIPTION file’ in the ‘Writing R Extensions’ manual. Flavors: r-oldrel-macos-arm64, r-oldrel-macos-x86_64