CRAN Package Check Results for Package MissingDataGUI

Last updated on 2019-11-18 22:47:16 CET.

Flavor Version Tinstall Tcheck Ttotal Status Flags
r-devel-linux-x86_64-debian-clang 0.2-5 10.08 83.38 93.46 OK
r-devel-linux-x86_64-debian-gcc 0.2-5 8.78 68.07 76.85 OK
r-devel-linux-x86_64-fedora-clang 0.2-5 112.33 OK
r-devel-linux-x86_64-fedora-gcc 0.2-5 118.77 OK
r-devel-windows-ix86+x86_64 0.2-5 138.00 6.00 144.00 ERROR
r-patched-linux-x86_64 0.2-5 9.67 78.35 88.02 OK
r-patched-solaris-x86 0.2-5 170.60 OK
r-release-linux-x86_64 0.2-5 8.98 78.12 87.10 OK
r-release-windows-ix86+x86_64 0.2-5 22.00 88.00 110.00 OK
r-release-osx-x86_64 0.2-5 OK
r-oldrel-windows-ix86+x86_64 0.2-5 13.00 135.00 148.00 OK
r-oldrel-osx-x86_64 0.2-5 OK

Check Details

Version: 0.2-5
Check: whether package can be installed
Result: ERROR
    Installation failed.
Flavor: r-devel-windows-ix86+x86_64