CRAN Package Check Results for Package MixSIAR

Last updated on 2023-01-29 23:03:14 CET.

Flavor Version Tinstall Tcheck Ttotal Status Flags
r-devel-linux-x86_64-debian-clang 3.1.12 5.31 82.78 88.09 NOTE
r-devel-linux-x86_64-debian-gcc 3.1.12 6.29 59.80 66.09 NOTE
r-devel-linux-x86_64-fedora-clang 3.1.12 119.38 NOTE
r-devel-linux-x86_64-fedora-gcc 3.1.12 180.73 NOTE
r-devel-windows-x86_64 3.1.12 44.00 147.00 191.00 NOTE
r-patched-linux-x86_64 3.1.12 7.06 77.05 84.11 NOTE
r-release-linux-x86_64 3.1.12 5.09 82.50 87.59 NOTE
r-release-macos-arm64 3.1.12 51.00 NOTE
r-release-macos-x86_64 3.1.12 64.00 NOTE
r-release-windows-x86_64 3.1.12 37.00 140.00 177.00 NOTE
r-oldrel-macos-arm64 3.1.12 46.00 NOTE
r-oldrel-macos-x86_64 3.1.12 111.00 NOTE
r-oldrel-windows-ix86+x86_64 3.1.12 16.00 114.00 130.00 NOTE

Check Details

Version: 3.1.12
Check: LazyData
Result: NOTE
     'LazyData' is specified without a 'data' directory
Flavors: r-devel-linux-x86_64-debian-clang, r-devel-linux-x86_64-debian-gcc, r-devel-linux-x86_64-fedora-clang, r-devel-linux-x86_64-fedora-gcc, r-devel-windows-x86_64, r-patched-linux-x86_64, r-release-linux-x86_64, r-release-macos-arm64, r-release-macos-x86_64, r-release-windows-x86_64, r-oldrel-macos-arm64, r-oldrel-macos-x86_64, r-oldrel-windows-ix86+x86_64