CRAN Package Check Results for Package MixedDataImpute

Last updated on 2019-08-21 22:48:43 CEST.

Flavor Version Tinstall Tcheck Ttotal Status Flags
r-devel-linux-x86_64-debian-clang 0.1 88.92 37.44 126.36 OK
r-devel-linux-x86_64-debian-gcc 0.1 OK
r-devel-linux-x86_64-fedora-clang 0.1 195.62 NOTE
r-devel-linux-x86_64-fedora-gcc 0.1 191.25 NOTE
r-devel-windows-ix86+x86_64 0.1 229.00 91.00 320.00 OK
r-patched-linux-x86_64 0.1 80.15 37.82 117.97 OK
r-patched-solaris-x86 0.1 159.60 OK
r-release-linux-x86_64 0.1 78.54 37.20 115.74 OK
r-release-windows-ix86+x86_64 0.1 158.00 75.00 233.00 OK
r-release-osx-x86_64 0.1 NOTE
r-oldrel-windows-ix86+x86_64 0.1 209.00 102.00 311.00 OK
r-oldrel-osx-x86_64 0.1 NOTE

Check Details

Version: 0.1
Check: installed package size
Result: NOTE
     installed size is 6.7Mb
     sub-directories of 1Mb or more:
     libs 6.3Mb
Flavors: r-devel-linux-x86_64-fedora-clang, r-release-osx-x86_64, r-oldrel-osx-x86_64

Version: 0.1
Check: compiled code
Result: NOTE
    File ‘MixedDataImpute/libs/MixedDataImpute.so’:
     Found no calls to: ‘R_registerRoutines’, ‘R_useDynamicSymbols’
    
    It is good practice to register native routines and to disable symbol
    search.
    
    See ‘Writing portable packages’ in the ‘Writing R Extensions’ manual.
Flavors: r-devel-linux-x86_64-fedora-clang, r-devel-linux-x86_64-fedora-gcc