CRAN Package Check Results for Package MixedDataImpute

Last updated on 2019-12-10 22:49:39 CET.

Flavor Version Tinstall Tcheck Ttotal Status Flags
r-devel-linux-x86_64-debian-clang 0.1 101.61 40.16 141.77 OK
r-devel-linux-x86_64-debian-gcc 0.1 75.88 31.99 107.87 OK
r-devel-linux-x86_64-fedora-clang 0.1 200.73 NOTE
r-devel-linux-x86_64-fedora-gcc 0.1 200.76 NOTE
r-devel-windows-ix86+x86_64 0.1 195.00 70.00 265.00 OK
r-devel-windows-ix86+x86_64-gcc8 0.1 203.00 76.00 279.00 OK
r-patched-linux-x86_64 0.1 81.69 36.65 118.34 OK
r-patched-solaris-x86 0.1 173.90 OK
r-release-linux-x86_64 0.1 82.12 36.58 118.70 OK
r-release-windows-ix86+x86_64 0.1 219.00 65.00 284.00 OK
r-release-osx-x86_64 0.1 NOTE
r-oldrel-windows-ix86+x86_64 0.1 144.00 77.00 221.00 OK
r-oldrel-osx-x86_64 0.1 NOTE

Check Details

Version: 0.1
Check: installed package size
Result: NOTE
     installed size is 6.8Mb
     sub-directories of 1Mb or more:
     libs 6.4Mb
Flavors: r-devel-linux-x86_64-fedora-clang, r-release-osx-x86_64, r-oldrel-osx-x86_64

Version: 0.1
Check: compiled code
Result: NOTE
    File ‘MixedDataImpute/libs/MixedDataImpute.so’:
     Found no calls to: ‘R_registerRoutines’, ‘R_useDynamicSymbols’
    
    It is good practice to register native routines and to disable symbol
    search.
    
    See ‘Writing portable packages’ in the ‘Writing R Extensions’ manual.
Flavors: r-devel-linux-x86_64-fedora-clang, r-devel-linux-x86_64-fedora-gcc