Last updated on 2023-11-28 23:04:40 CET.
Flavor | Version | Tinstall | Tcheck | Ttotal | Status | Flags |
---|---|---|---|---|---|---|
r-devel-linux-x86_64-debian-clang | 0.1-3 | 17.26 | 117.32 | 134.58 | NOTE | |
r-devel-linux-x86_64-debian-gcc | 0.1-3 | 12.96 | 87.36 | 100.32 | NOTE | |
r-devel-linux-x86_64-fedora-clang | 0.1-3 | 170.18 | OK | |||
r-devel-linux-x86_64-fedora-gcc | 0.1-3 | 178.83 | OK | |||
r-devel-windows-x86_64 | 0.1-3 | 24.00 | 135.00 | 159.00 | OK | |
r-patched-linux-x86_64 | 0.1-3 | 17.50 | 112.42 | 129.92 | OK | |
r-release-linux-x86_64 | 0.1-3 | 14.10 | 113.35 | 127.45 | OK | |
r-release-macos-arm64 | 0.1-3 | 63.00 | NOTE | |||
r-release-macos-x86_64 | 0.1-3 | 142.00 | NOTE | |||
r-release-windows-x86_64 | 0.1-3 | 30.00 | 151.00 | 181.00 | OK | |
r-oldrel-macos-arm64 | 0.1-3 | 55.00 | NOTE | |||
r-oldrel-macos-x86_64 | 0.1-3 | 72.00 | NOTE | |||
r-oldrel-windows-x86_64 | 0.1-3 | 19.00 | 141.00 | 160.00 | OK |
Version: 0.1-3
Check: Rd files
Result: NOTE
checkRd: (-1) u4_cba_cor.Rd:35: Lost braces
35 | \code{t * 1} and \code{B} is of dimension{t * N}. Ideally, \code{fun.sim}()
| ^
Flavors: r-devel-linux-x86_64-debian-clang, r-devel-linux-x86_64-debian-gcc
Version: 0.1-3
Check: package dependencies
Result: NOTE
Package which this enhances but not available for checking: ‘pbdMPI’
Flavors: r-release-macos-arm64, r-release-macos-x86_64, r-oldrel-macos-arm64, r-oldrel-macos-x86_64