CRAN Package Check Results for Package ModStatR

Last updated on 2023-06-07 22:02:48 CEST.

Flavor Version Tinstall Tcheck Ttotal Status Flags
r-devel-linux-x86_64-debian-clang 1.3.3 6.52 35.56 42.08 OK
r-devel-linux-x86_64-debian-gcc 1.3.3 5.73 28.25 33.98 OK
r-devel-linux-x86_64-fedora-clang 1.3.3 55.38 NOTE
r-devel-linux-x86_64-fedora-gcc 1.3.3 52.12 NOTE
r-devel-windows-x86_64 1.3.3 8.00 60.00 68.00 OK
r-patched-linux-x86_64 1.3.3 8.35 34.21 42.56 OK
r-release-linux-x86_64 1.3.3 6.22 34.37 40.59 OK
r-release-macos-arm64 1.3.3 26.00 NOTE
r-release-macos-x86_64 1.3.3 33.00 NOTE
r-release-windows-x86_64 1.3.3 10.00 57.00 67.00 OK
r-oldrel-macos-arm64 1.3.3 23.00 NOTE
r-oldrel-macos-x86_64 1.3.3 33.00 OK
r-oldrel-windows-x86_64 1.3.3 10.00 65.00 75.00 OK

Check Details

Version: 1.3.3
Check: data for non-ASCII characters
Result: NOTE
     Note: found 20578 marked UTF-8 strings
Flavors: r-devel-linux-x86_64-fedora-clang, r-devel-linux-x86_64-fedora-gcc

Version: 1.3.3
Check: installed package size
Result: NOTE
     installed size is 5.3Mb
     sub-directories of 1Mb or more:
     data 5.0Mb
Flavors: r-release-macos-arm64, r-release-macos-x86_64, r-oldrel-macos-arm64