CRAN Package Check Results for Package MolgenisAuth

Last updated on 2025-01-19 22:49:17 CET.

Flavor Version Tinstall Tcheck Ttotal Status Flags
r-devel-linux-x86_64-debian-clang 0.0.25 2.25 25.08 27.33 NOTE
r-devel-linux-x86_64-debian-gcc 0.0.25 1.90 19.87 21.77 NOTE
r-devel-linux-x86_64-fedora-clang 0.0.25 43.74 OK
r-devel-linux-x86_64-fedora-gcc 0.0.25 55.37 OK
r-devel-windows-x86_64 0.0.25 4.00 45.00 49.00 NOTE
r-patched-linux-x86_64 0.0.25 5.08 23.42 28.50 OK
r-release-linux-x86_64 0.0.25 2.24 23.62 25.86 OK
r-release-macos-arm64 0.0.25 28.00 OK
r-release-macos-x86_64 0.0.25 34.00 OK
r-release-windows-x86_64 0.0.25 4.00 46.00 50.00 OK
r-oldrel-macos-arm64 0.0.25 31.00 OK
r-oldrel-macos-x86_64 0.0.25 34.00 OK
r-oldrel-windows-x86_64 0.0.25 4.00 49.00 53.00 OK

Check Details

Version: 0.0.25
Check: Rd cross-references
Result: NOTE Found the following Rd file(s) with Rd \link{} targets missing package anchors: device_flow_auth.Rd: oauth_endpoint discover.Rd: oauth_endpoint Please provide package anchors for all Rd \link{} targets not in the package itself and the base packages. Flavors: r-devel-linux-x86_64-debian-clang, r-devel-linux-x86_64-debian-gcc, r-devel-windows-x86_64