Last updated on 2023-01-29 23:03:14 CET.
Flavor | Version | Tinstall | Tcheck | Ttotal | Status | Flags |
---|---|---|---|---|---|---|
r-devel-linux-x86_64-debian-clang | 1.4.0 | 26.45 | 280.70 | 307.15 | NOTE | |
r-devel-linux-x86_64-debian-gcc | 1.4.0 | 22.23 | 199.88 | 222.11 | NOTE | |
r-devel-linux-x86_64-fedora-clang | 1.4.0 | 359.13 | NOTE | |||
r-devel-linux-x86_64-fedora-gcc | 1.4.0 | 375.54 | NOTE | |||
r-devel-windows-x86_64 | 1.4.0 | 252.00 | 417.00 | 669.00 | NOTE | |
r-patched-linux-x86_64 | 1.4.0 | 36.21 | 247.12 | 283.33 | OK | |
r-release-linux-x86_64 | 1.4.0 | 24.15 | 245.93 | 270.08 | OK | |
r-release-macos-arm64 | 1.4.0 | 80.00 | OK | |||
r-release-macos-x86_64 | 1.4.0 | 148.00 | OK | |||
r-release-windows-x86_64 | 1.4.0 | 206.00 | 386.00 | 592.00 | OK | |
r-oldrel-macos-arm64 | 1.4.0 | 85.00 | OK | |||
r-oldrel-macos-x86_64 | 1.4.0 | 118.00 | OK | |||
r-oldrel-windows-ix86+x86_64 | 1.4.0 | 49.00 | 366.00 | 415.00 | OK |
Version: 1.4.0
Check: package subdirectories
Result: NOTE
Problems with news in ‘NEWS.md’:
Cannot extract version info from the following section titles:
* efourier with default norm=TRUE now messages about how wrong it may be
Flavors: r-devel-linux-x86_64-debian-clang, r-devel-linux-x86_64-debian-gcc, r-devel-linux-x86_64-fedora-clang, r-devel-linux-x86_64-fedora-gcc, r-devel-windows-x86_64