Last updated on 2023-03-25 22:55:35 CET.
Flavor | Version | Tinstall | Tcheck | Ttotal | Status | Flags |
---|---|---|---|---|---|---|
r-devel-linux-x86_64-debian-clang | 2.11 | 291.11 | 214.50 | 505.61 | OK | |
r-devel-linux-x86_64-debian-gcc | 2.11 | 211.18 | 161.18 | 372.36 | OK | |
r-devel-linux-x86_64-fedora-gcc | 2.11 | 651.05 | OK | |||
r-devel-windows-x86_64 | 2.11 | 273.00 | 316.00 | 589.00 | NOTE | |
r-patched-linux-x86_64 | 2.11 | 224.73 | 195.89 | 420.62 | OK | |
r-release-linux-x86_64 | 2.11 | 181.10 | 196.97 | 378.07 | OK | |
r-release-macos-arm64 | 2.11 | 132.00 | NOTE | |||
r-release-macos-x86_64 | 2.11 | 190.00 | NOTE | |||
r-release-windows-x86_64 | 2.11 | 302.00 | 293.00 | 595.00 | NOTE | |
r-oldrel-macos-arm64 | 2.11 | 128.00 | NOTE | |||
r-oldrel-macos-x86_64 | 2.11 | 189.00 | NOTE | |||
r-oldrel-windows-ix86+x86_64 | 2.11 | 645.00 | 366.00 | 1011.00 | NOTE |
Version: 2.11
Check: installed package size
Result: NOTE
installed size is 5.2Mb
sub-directories of 1Mb or more:
data 2.0Mb
libs 1.5Mb
Flavors: r-devel-windows-x86_64, r-release-macos-arm64, r-release-macos-x86_64, r-release-windows-x86_64, r-oldrel-macos-arm64, r-oldrel-macos-x86_64, r-oldrel-windows-ix86+x86_64