CRAN Package Check Results for Package MsdeParEst

Last updated on 2019-09-14 22:48:31 CEST.

Flavor Version Tinstall Tcheck Ttotal Status Flags
r-devel-linux-x86_64-debian-clang 1.7 8.88 74.38 83.26 OK
r-devel-linux-x86_64-debian-gcc 1.7 9.22 58.02 67.24 OK
r-devel-linux-x86_64-fedora-clang 1.7 99.00 NOTE
r-devel-linux-x86_64-fedora-gcc 1.7 98.26 NOTE
r-devel-windows-ix86+x86_64 1.7 23.00 78.00 101.00 OK
r-patched-linux-x86_64 1.7 10.10 72.60 82.70 OK
r-patched-solaris-x86 1.7 145.60 NOTE
r-release-linux-x86_64 1.7 9.98 72.06 82.04 OK
r-release-windows-ix86+x86_64 1.7 17.00 106.00 123.00 OK
r-release-osx-x86_64 1.7 NOTE
r-oldrel-windows-ix86+x86_64 1.7 16.00 84.00 100.00 OK
r-oldrel-osx-x86_64 1.7 NOTE

Check Details

Version: 1.7
Check: dependencies in R code
Result: NOTE
    Namespaces in Imports field not imported from:
     ‘MASS’ ‘moments’ ‘mvtnorm’
     All declared Imports should be used.
Flavors: r-devel-linux-x86_64-fedora-clang, r-devel-linux-x86_64-fedora-gcc, r-patched-solaris-x86, r-release-osx-x86_64, r-oldrel-osx-x86_64