CRAN Package Check Results for Package MsdeParEst

Last updated on 2019-06-24 22:59:59 CEST.

Flavor Version Tinstall Tcheck Ttotal Status Flags
r-devel-linux-x86_64-debian-clang 1.7 10.04 71.93 81.97 OK
r-devel-linux-x86_64-debian-gcc 1.7 9.36 56.75 66.11 OK
r-devel-linux-x86_64-fedora-clang 1.7 97.07 NOTE
r-devel-linux-x86_64-fedora-gcc 1.7 94.41 NOTE
r-devel-windows-ix86+x86_64 1.7 22.00 106.00 128.00 OK
r-patched-linux-x86_64 1.7 9.43 71.48 80.91 OK
r-patched-solaris-x86 1.7 149.00 NOTE
r-release-linux-x86_64 1.7 10.56 72.65 83.21 OK
r-release-windows-ix86+x86_64 1.7 17.00 85.00 102.00 OK
r-release-osx-x86_64 1.7 NOTE
r-oldrel-windows-ix86+x86_64 1.7 9.00 74.00 83.00 OK
r-oldrel-osx-x86_64 1.7 NOTE

Check Details

Version: 1.7
Check: dependencies in R code
Result: NOTE
    Namespaces in Imports field not imported from:
     ‘MASS’ ‘moments’ ‘mvtnorm’
     All declared Imports should be used.
Flavors: r-devel-linux-x86_64-fedora-clang, r-devel-linux-x86_64-fedora-gcc, r-patched-solaris-x86, r-release-osx-x86_64, r-oldrel-osx-x86_64