Last updated on 2023-03-23 22:52:38 CET.
Flavor | Version | Tinstall | Tcheck | Ttotal | Status | Flags |
---|---|---|---|---|---|---|
r-devel-linux-x86_64-debian-clang | 0.6.3 | 21.58 | 35.85 | 57.43 | OK | |
r-devel-linux-x86_64-debian-gcc | 0.6.3 | 16.11 | 27.98 | 44.09 | OK | |
r-devel-linux-x86_64-fedora-clang | 0.6.3 | 79.97 | NOTE | |||
r-devel-linux-x86_64-fedora-gcc | 0.6.3 | 74.30 | NOTE | |||
r-devel-windows-x86_64 | 0.6.3 | 34.00 | 83.00 | 117.00 | OK | |
r-patched-linux-x86_64 | 0.6.3 | 20.94 | 36.19 | 57.13 | OK | |
r-release-linux-x86_64 | 0.6.3 | 16.99 | 36.89 | 53.88 | OK | |
r-release-macos-arm64 | 0.6.3 | 25.00 | NOTE | |||
r-release-macos-x86_64 | 0.6.3 | 44.00 | NOTE | |||
r-release-windows-x86_64 | 0.6.3 | 39.00 | 95.00 | 134.00 | OK | |
r-oldrel-macos-arm64 | 0.6.3 | 26.00 | NOTE | |||
r-oldrel-macos-x86_64 | 0.6.3 | 38.00 | NOTE | |||
r-oldrel-windows-ix86+x86_64 | 0.6.3 | 51.00 | 91.00 | 142.00 | OK |
Version: 0.6.3
Check: dependencies in R code
Result: NOTE
Namespaces in Imports field not imported from:
‘Matrix’ ‘capushe’ ‘shiny’
All declared Imports should be used.
Flavors: r-devel-linux-x86_64-fedora-clang, r-devel-linux-x86_64-fedora-gcc, r-release-macos-arm64, r-release-macos-x86_64, r-oldrel-macos-arm64, r-oldrel-macos-x86_64