Last updated on 2023-12-04 22:57:47 CET.
Flavor | Version | Tinstall | Tcheck | Ttotal | Status | Flags |
---|---|---|---|---|---|---|
r-devel-linux-x86_64-debian-clang | 0.6.3 | 20.15 | 35.27 | 55.42 | OK | |
r-devel-linux-x86_64-debian-gcc | 0.6.3 | 14.05 | 27.38 | 41.43 | OK | |
r-devel-linux-x86_64-fedora-clang | 0.6.3 | 82.48 | NOTE | |||
r-devel-linux-x86_64-fedora-gcc | 0.6.3 | 75.25 | NOTE | |||
r-devel-windows-x86_64 | 0.6.3 | 18.00 | 66.00 | 84.00 | OK | |
r-patched-linux-x86_64 | 0.6.3 | 25.89 | 35.10 | 60.99 | OK | |
r-release-linux-x86_64 | 0.6.3 | 17.33 | 34.96 | 52.29 | OK | |
r-release-macos-arm64 | 0.6.3 | 31.00 | OK | |||
r-release-macos-x86_64 | 0.6.3 | 37.00 | OK | |||
r-release-windows-x86_64 | 0.6.3 | 24.00 | 74.00 | 98.00 | OK | |
r-oldrel-macos-arm64 | 0.6.3 | 25.00 | NOTE | |||
r-oldrel-macos-x86_64 | 0.6.3 | 44.00 | NOTE | |||
r-oldrel-windows-x86_64 | 0.6.3 | 24.00 | 77.00 | 101.00 | OK |
Version: 0.6.3
Check: dependencies in R code
Result: NOTE
Namespaces in Imports field not imported from:
‘Matrix’ ‘capushe’ ‘shiny’
All declared Imports should be used.
Flavors: r-devel-linux-x86_64-fedora-clang, r-devel-linux-x86_64-fedora-gcc, r-oldrel-macos-arm64, r-oldrel-macos-x86_64