CRAN Package Check Results for Package MultiBD

Last updated on 2023-12-02 21:40:02 CET.

Flavor Version Tinstall Tcheck Ttotal Status Flags
r-devel-linux-x86_64-debian-clang 0.2.0 111.35 145.92 257.27 NOTE
r-devel-linux-x86_64-debian-gcc 0.2.0 73.03 109.34 182.37 NOTE
r-devel-linux-x86_64-fedora-clang 0.2.0 357.86 NOTE
r-devel-linux-x86_64-fedora-gcc 0.2.0 383.84 NOTE
r-devel-windows-x86_64 0.2.0 84.00 148.00 232.00 NOTE
r-patched-linux-x86_64 0.2.0 92.07 156.96 249.03 NOTE
r-release-linux-x86_64 0.2.0 91.99 160.83 252.82 NOTE
r-release-macos-arm64 0.2.0 84.00 NOTE
r-release-macos-x86_64 0.2.0 177.00 NOTE
r-release-windows-x86_64 0.2.0 86.00 155.00 241.00 NOTE
r-oldrel-macos-arm64 0.2.0 77.00 NOTE
r-oldrel-macos-x86_64 0.2.0 96.00 NOTE
r-oldrel-windows-x86_64 0.2.0 110.00 152.00 262.00 OK

Check Details

Version: 0.2.0
Check: C++ specification
Result: NOTE Specified C++11: please drop specification unless essential Flavors: r-devel-linux-x86_64-debian-clang, r-devel-linux-x86_64-debian-gcc, r-devel-linux-x86_64-fedora-clang, r-devel-linux-x86_64-fedora-gcc, r-devel-windows-x86_64, r-patched-linux-x86_64, r-release-linux-x86_64, r-release-macos-arm64, r-release-macos-x86_64, r-release-windows-x86_64

Version: 0.2.0
Check: compiled code
Result: NOTE File ‘MultiBD/libs/MultiBD.so’: Found no calls to: ‘R_registerRoutines’, ‘R_useDynamicSymbols’ It is good practice to register native routines and to disable symbol search. See ‘Writing portable packages’ in the ‘Writing R Extensions’ manual. Flavors: r-devel-linux-x86_64-fedora-clang, r-devel-linux-x86_64-fedora-gcc

Version: 0.2.0
Check: installed package size
Result: NOTE installed size is 6.5Mb sub-directories of 1Mb or more: libs 4.9Mb Flavors: r-release-macos-arm64, r-release-macos-x86_64, r-oldrel-macos-arm64, r-oldrel-macos-x86_64