Last updated on 2023-09-24 22:59:45 CEST.
Flavor | Version | Tinstall | Tcheck | Ttotal | Status | Flags |
---|---|---|---|---|---|---|
r-devel-linux-x86_64-debian-clang | 0.8.2 | 65.29 | 353.39 | 418.68 | OK | |
r-devel-linux-x86_64-debian-gcc | 0.8.2 | 53.14 | 254.73 | 307.87 | OK | |
r-devel-linux-x86_64-fedora-clang | 0.8.2 | 519.49 | NOTE | |||
r-devel-linux-x86_64-fedora-gcc | 0.8.2 | 525.60 | OK | |||
r-devel-windows-x86_64 | 0.8.2 | 52.00 | 243.00 | 295.00 | NOTE | |
r-patched-linux-x86_64 | 0.8.2 | 53.09 | 336.31 | 389.40 | OK | |
r-release-linux-x86_64 | 0.8.2 | 50.47 | 337.68 | 388.15 | OK | |
r-release-macos-arm64 | 0.8.2 | 137.00 | NOTE | |||
r-release-macos-x86_64 | 0.8.2 | 329.00 | NOTE | |||
r-release-windows-x86_64 | 0.8.2 | 77.00 | 321.00 | 398.00 | NOTE | |
r-oldrel-macos-arm64 | 0.8.2 | 121.00 | NOTE | |||
r-oldrel-macos-x86_64 | 0.8.2 | 189.00 | NOTE | |||
r-oldrel-windows-x86_64 | 0.8.2 | 73.00 | 310.00 | 383.00 | NOTE |
Version: 0.8.2
Check: installed package size
Result: NOTE
installed size is 5.3Mb
sub-directories of 1Mb or more:
doc 2.7Mb
help 2.2Mb
Flavors: r-devel-linux-x86_64-fedora-clang, r-devel-windows-x86_64, r-release-macos-arm64, r-release-macos-x86_64, r-release-windows-x86_64, r-oldrel-macos-arm64, r-oldrel-macos-x86_64, r-oldrel-windows-x86_64