CRAN Package Check Results for Package NFLSimulatoR

Last updated on 2021-04-13 22:53:50 CEST.

Flavor Version Tinstall Tcheck Ttotal Status Flags
r-devel-linux-x86_64-debian-clang 0.3.0 3.86 57.43 61.29 NOTE
r-devel-linux-x86_64-debian-gcc 0.3.0 2.84 54.60 57.44 NOTE
r-devel-linux-x86_64-fedora-clang 0.3.0 83.42 NOTE
r-devel-linux-x86_64-fedora-gcc 0.3.0 72.13 NOTE
r-devel-windows-ix86+x86_64 0.3.0 8.00 266.00 274.00 NOTE
r-devel-windows-x86_64-gcc10-UCRT 0.3.0 NOTE
r-patched-linux-x86_64 0.3.0 3.59 55.78 59.37 OK
r-patched-solaris-x86 0.3.0 114.70 OK
r-release-linux-x86_64 0.3.0 3.20 54.66 57.86 OK
r-release-macos-x86_64 0.3.0 OK
r-release-windows-ix86+x86_64 0.3.0 6.00 281.00 287.00 OK
r-oldrel-macos-x86_64 0.3.0 WARN
r-oldrel-windows-ix86+x86_64 0.3.0 6.00 196.00 202.00 WARN

Check Details

Version: 0.3.0
Check: LazyData
Result: NOTE
     'LazyData' is specified without a 'data' directory
Flavors: r-devel-linux-x86_64-debian-clang, r-devel-linux-x86_64-debian-gcc, r-devel-linux-x86_64-fedora-clang, r-devel-linux-x86_64-fedora-gcc, r-devel-windows-ix86+x86_64, r-devel-windows-x86_64-gcc10-UCRT

Version: 0.3.0
Check: re-building of vignette outputs
Result: WARN
    Error(s) in re-building vignettes:
     ...
    --- re-building ‘nflsimulator-basics.Rmd’ using rmarkdown
    Warning in engine$weave(file, quiet = quiet, encoding = enc) :
     Pandoc (>= 1.12.3) and/or pandoc-citeproc not available. Falling back to R Markdown v1.
    Quitting from lines 34-36 (nflsimulator-basics.Rmd)
    Error: processing vignette 'nflsimulator-basics.Rmd' failed with diagnostics:
    level sets of factors are different
    --- failed re-building ‘nflsimulator-basics.Rmd’
    
    SUMMARY: processing the following file failed:
     ‘nflsimulator-basics.Rmd’
    
    Error: Vignette re-building failed.
    Execution halted
Flavor: r-oldrel-macos-x86_64

Version: 0.3.0
Check: re-building of vignette outputs
Result: WARN
    Error(s) in re-building vignettes:
    --- re-building 'nflsimulator-basics.Rmd' using rmarkdown
    Quitting from lines 34-36 (nflsimulator-basics.Rmd)
    Error: processing vignette 'nflsimulator-basics.Rmd' failed with diagnostics:
    level sets of factors are different
    --- failed re-building 'nflsimulator-basics.Rmd'
    
    SUMMARY: processing the following file failed:
     'nflsimulator-basics.Rmd'
    
    Error: Vignette re-building failed.
    Execution halted
Flavor: r-oldrel-windows-ix86+x86_64