Last updated on 2024-04-18 22:52:50 CEST.
Flavor | Version | Tinstall | Tcheck | Ttotal | Status | Flags |
---|---|---|---|---|---|---|
r-devel-linux-x86_64-debian-clang | 0.2-1 | 5.61 | 39.31 | 44.92 | OK | |
r-devel-linux-x86_64-debian-gcc | 0.2-1 | 3.87 | 28.86 | 32.73 | OK | |
r-devel-linux-x86_64-fedora-clang | 0.2-1 | 54.44 | NOTE | |||
r-devel-linux-x86_64-fedora-gcc | 0.2-1 | 53.43 | OK | |||
r-prerel-macos-arm64 | 0.2-1 | 19.00 | OK | |||
r-prerel-windows-x86_64 | 0.2-1 | 4.00 | 57.00 | 61.00 | OK | |
r-patched-linux-x86_64 | 0.2-1 | 4.65 | 37.74 | 42.39 | OK | |
r-release-linux-x86_64 | 0.2-1 | 4.56 | 38.07 | 42.63 | OK | |
r-release-macos-arm64 | 0.2-1 | 20.00 | OK | |||
r-release-macos-x86_64 | 0.2-1 | 29.00 | OK | |||
r-release-windows-x86_64 | 0.2-1 | 5.00 | 59.00 | 64.00 | OK | |
r-oldrel-macos-arm64 | 0.2-1 | 20.00 | OK | |||
r-oldrel-windows-x86_64 | 0.2-1 | 19.00 | 63.00 | 82.00 | OK |
Version: 0.2-1
Check: Rd cross-references
Result: NOTE
Undeclared package ‘tm’ in Rd xrefs
Flavor: r-devel-linux-x86_64-fedora-clang