Last updated on 2023-09-24 22:59:45 CEST.
Flavor | Version | Tinstall | Tcheck | Ttotal | Status | Flags |
---|---|---|---|---|---|---|
r-devel-linux-x86_64-debian-clang | 0.2-1 | 4.14 | 38.12 | 42.26 | OK | |
r-devel-linux-x86_64-debian-gcc | 0.2-1 | 3.14 | 28.83 | 31.97 | OK | |
r-devel-linux-x86_64-fedora-clang | 0.2-1 | 52.85 | NOTE | |||
r-devel-linux-x86_64-fedora-gcc | 0.2-1 | 53.71 | OK | |||
r-devel-windows-x86_64 | 0.2-1 | 4.00 | 58.00 | 62.00 | OK | |
r-patched-linux-x86_64 | 0.2-1 | 6.31 | 37.22 | 43.53 | OK | |
r-release-linux-x86_64 | 0.2-1 | 4.09 | 37.15 | 41.24 | OK | |
r-release-macos-arm64 | 0.2-1 | 20.00 | OK | |||
r-release-macos-x86_64 | 0.2-1 | 29.00 | OK | |||
r-release-windows-x86_64 | 0.2-1 | 5.00 | 68.00 | 73.00 | OK | |
r-oldrel-macos-arm64 | 0.2-1 | 20.00 | OK | |||
r-oldrel-macos-x86_64 | 0.2-1 | 27.00 | OK | |||
r-oldrel-windows-x86_64 | 0.2-1 | 19.00 | 63.00 | 82.00 | OK |
Version: 0.2-1
Check: Rd cross-references
Result: NOTE
Undeclared package ‘tm’ in Rd xrefs
Flavor: r-devel-linux-x86_64-fedora-clang