CRAN Package Check Results for Package NLP

Last updated on 2024-05-20 21:54:24 CEST.

Flavor Version Tinstall Tcheck Ttotal Status Flags
r-devel-linux-x86_64-debian-clang 0.2-1 5.08 39.65 44.73 OK
r-devel-linux-x86_64-debian-gcc 0.2-1 3.31 29.20 32.51 OK
r-devel-linux-x86_64-fedora-clang 0.2-1 54.08 NOTE
r-devel-linux-x86_64-fedora-gcc 0.2-1 51.74 OK
r-devel-windows-x86_64 0.2-1 5.00 57.00 62.00 OK
r-patched-linux-x86_64 0.2-1 6.01 37.11 43.12 OK
r-release-linux-x86_64 0.2-1 5.11 36.56 41.67 OK
r-release-macos-arm64 0.2-1 19.00 OK
r-release-windows-x86_64 0.2-1 6.00 57.00 63.00 OK
r-oldrel-macos-arm64 0.2-1 20.00 OK
r-oldrel-macos-x86_64 0.2-1 29.00 OK
r-oldrel-windows-x86_64 0.2-1 5.00 59.00 64.00 OK

Check Details

Version: 0.2-1
Check: Rd cross-references
Result: NOTE Undeclared package ‘tm’ in Rd xrefs Flavor: r-devel-linux-x86_64-fedora-clang