CRAN Package Check Results for Package NNS

Last updated on 2023-10-01 23:03:52 CEST.

Flavor Version Tinstall Tcheck Ttotal Status Flags
r-devel-linux-x86_64-debian-clang 10.1 67.75 349.28 417.03 NOTE
r-devel-linux-x86_64-debian-gcc 10.1 50.29 243.94 294.23 NOTE
r-devel-linux-x86_64-fedora-clang 10.1 521.65 NOTE
r-devel-linux-x86_64-fedora-gcc 10.1 529.96 NOTE
r-devel-windows-x86_64 10.1 70.00 270.00 340.00 NOTE
r-patched-linux-x86_64 10.1 61.61 313.67 375.28 NOTE
r-release-linux-x86_64 10.1 66.53 319.04 385.57 NOTE
r-release-macos-arm64 10.1 146.00 NOTE
r-release-macos-x86_64 10.1 226.00 NOTE
r-release-windows-x86_64 10.1 78.00 347.00 425.00 NOTE
r-oldrel-macos-arm64 10.1 123.00 NOTE
r-oldrel-macos-x86_64 10.1 167.00 NOTE
r-oldrel-windows-x86_64 10.1 74.00 338.00 412.00 NOTE

Additional issues

Intel

Check Details

Version: 10.1
Check: for GNU extensions in Makefiles
Result: NOTE
    GNU make is a SystemRequirements.
Flavors: r-devel-linux-x86_64-debian-clang, r-devel-linux-x86_64-debian-gcc, r-devel-linux-x86_64-fedora-clang, r-devel-linux-x86_64-fedora-gcc, r-devel-windows-x86_64, r-patched-linux-x86_64, r-release-linux-x86_64, r-release-macos-arm64, r-release-macos-x86_64, r-release-windows-x86_64, r-oldrel-macos-arm64, r-oldrel-macos-x86_64, r-oldrel-windows-x86_64