Last updated on 2024-04-24 23:00:28 CEST.
Flavor | Version | Tinstall | Tcheck | Ttotal | Status | Flags |
---|---|---|---|---|---|---|
r-devel-linux-x86_64-debian-clang | 0.1 | 5.89 | 70.91 | 76.80 | NOTE | |
r-devel-linux-x86_64-debian-gcc | 0.1 | 5.55 | 53.52 | 59.07 | NOTE | |
r-devel-linux-x86_64-fedora-clang | 0.1 | 100.87 | NOTE | |||
r-devel-linux-x86_64-fedora-gcc | 0.1 | 99.27 | NOTE | |||
r-devel-windows-x86_64 | 0.1 | 8.00 | 71.00 | 79.00 | NOTE | |
r-patched-linux-x86_64 | 0.1 | 7.85 | 68.32 | 76.17 | NOTE | |
r-release-linux-x86_64 | 0.1 | 8.60 | 72.13 | 80.73 | OK | |
r-release-macos-arm64 | 0.1 | 38.00 | OK | |||
r-release-windows-x86_64 | 0.1 | 9.00 | 70.00 | 79.00 | NOTE | |
r-oldrel-macos-arm64 | 0.1 | 30.00 | OK | |||
r-oldrel-macos-x86_64 | 0.1 | 54.00 | OK | |||
r-oldrel-windows-x86_64 | 0.1 | 11.00 | 87.00 | 98.00 | OK |
Version: 0.1
Check: Rd files
Result: NOTE
checkRd: (-1) DiscHazRateAuxFunctions.Rd:46: Lost braces in \itemize; meant \describe ?
checkRd: (-1) DiscHazRateAuxFunctions.Rd:47: Lost braces in \itemize; meant \describe ?
checkRd: (-1) DiscHazRateAuxFunctions.Rd:48: Lost braces in \itemize; meant \describe ?
Flavors: r-devel-linux-x86_64-debian-clang, r-devel-linux-x86_64-debian-gcc, r-devel-linux-x86_64-fedora-clang, r-devel-linux-x86_64-fedora-gcc, r-devel-windows-x86_64, r-patched-linux-x86_64, r-release-windows-x86_64