Last updated on 2021-04-16 22:51:06 CEST.
Flavor | Version | Tinstall | Tcheck | Ttotal | Status | Flags |
---|---|---|---|---|---|---|
r-devel-linux-x86_64-debian-clang | 1.2 | 15.21 | 112.63 | 127.84 | NOTE | |
r-devel-linux-x86_64-debian-gcc | 1.2 | 13.01 | 84.33 | 97.34 | NOTE | |
r-devel-linux-x86_64-fedora-clang | 1.2 | 175.33 | NOTE | |||
r-devel-linux-x86_64-fedora-gcc | 1.2 | 152.14 | NOTE | |||
r-devel-windows-ix86+x86_64 | 1.2 | 37.00 | 141.00 | 178.00 | NOTE | |
r-devel-windows-x86_64-gcc10-UCRT | 1.2 | NOTE | ||||
r-patched-linux-x86_64 | 1.2 | 16.19 | 105.25 | 121.44 | OK | |
r-release-linux-x86_64 | 1.2 | 15.36 | 104.85 | 120.21 | OK | |
r-release-macos-x86_64 | 1.2 | NOTE | ||||
r-release-windows-ix86+x86_64 | 1.2 | 41.00 | 142.00 | 183.00 | OK | |
r-oldrel-macos-x86_64 | 1.2 | NOTE | ||||
r-oldrel-windows-ix86+x86_64 | 1.2 | 0.00 | 8.00 | 8.00 | ERROR |
Version: 1.2
Check: LazyData
Result: NOTE
'LazyData' is specified without a 'data' directory
Flavors: r-devel-linux-x86_64-debian-clang, r-devel-linux-x86_64-debian-gcc, r-devel-linux-x86_64-fedora-clang, r-devel-linux-x86_64-fedora-gcc, r-devel-windows-ix86+x86_64, r-devel-windows-x86_64-gcc10-UCRT
Version: 1.2
Check: dependencies in R code
Result: NOTE
Namespaces in Imports field not imported from:
‘CAMAN’ ‘Hmisc’ ‘latexpdf’ ‘spatstat’
All declared Imports should be used.
Flavors: r-devel-linux-x86_64-fedora-clang, r-devel-linux-x86_64-fedora-gcc, r-devel-windows-x86_64-gcc10-UCRT, r-release-macos-x86_64, r-oldrel-macos-x86_64
Version: 1.2
Check: package dependencies
Result: ERROR
Package required but not available: 'REBayes'
See section 'The DESCRIPTION file' in the 'Writing R Extensions'
manual.
Flavor: r-oldrel-windows-ix86+x86_64