CRAN Package Check Results for Package NetComp

Last updated on 2020-01-18 22:48:38 CET.

Flavor Version Tinstall Tcheck Ttotal Status Flags
r-devel-linux-x86_64-debian-clang 1.6 3.33 20.85 24.18 NOTE
r-devel-linux-x86_64-debian-gcc 1.6 2.54 17.10 19.64 NOTE
r-devel-linux-x86_64-fedora-clang 1.6 29.83 NOTE
r-devel-linux-x86_64-fedora-gcc 1.6 30.02 NOTE
r-devel-windows-ix86+x86_64 1.6 15.00 57.00 72.00 NOTE
r-devel-windows-ix86+x86_64-gcc8 1.6 10.00 62.00 72.00 NOTE
r-patched-linux-x86_64 1.6 2.16 19.53 21.69 NOTE
r-patched-solaris-x86 1.6 41.00 NOTE
r-release-linux-x86_64 1.6 2.60 19.59 22.19 NOTE
r-release-windows-ix86+x86_64 1.6 14.00 41.00 55.00 NOTE
r-release-osx-x86_64 1.6 NOTE
r-oldrel-windows-ix86+x86_64 1.6 7.00 62.00 69.00 NOTE
r-oldrel-osx-x86_64 1.6 NOTE

Check Details

Version: 1.6
Check: R code for possible problems
Result: NOTE
    netVal: no visible global function definition for 'cutree'
    netVal: no visible global function definition for 'hclust'
    netVal: no visible global function definition for 'as.dist'
    Undefined global functions or variables:
     as.dist cutree hclust
    Consider adding
     importFrom("stats", "as.dist", "cutree", "hclust")
    to your NAMESPACE file.
Flavors: r-devel-linux-x86_64-debian-clang, r-devel-linux-x86_64-debian-gcc, r-devel-linux-x86_64-fedora-clang, r-devel-linux-x86_64-fedora-gcc, r-devel-windows-ix86+x86_64, r-devel-windows-ix86+x86_64-gcc8, r-patched-linux-x86_64, r-patched-solaris-x86, r-release-linux-x86_64, r-release-windows-ix86+x86_64, r-release-osx-x86_64, r-oldrel-windows-ix86+x86_64, r-oldrel-osx-x86_64

Version: 1.6
Check: compiled code
Result: NOTE
    File ‘NetComp/libs/NetComp.so’:
     Found no calls to: ‘R_registerRoutines’, ‘R_useDynamicSymbols’
    
    It is good practice to register native routines and to disable symbol
    search.
    
    See ‘Writing portable packages’ in the ‘Writing R Extensions’ manual.
Flavors: r-devel-linux-x86_64-fedora-clang, r-devel-linux-x86_64-fedora-gcc