CRAN Package Check Results for Package NetComp

Last updated on 2019-08-23 22:50:04 CEST.

Flavor Version Tinstall Tcheck Ttotal Status Flags
r-devel-linux-x86_64-debian-clang 1.6 2.99 19.84 22.83 NOTE
r-devel-linux-x86_64-debian-gcc 1.6 NOTE
r-devel-linux-x86_64-fedora-clang 1.6 29.36 NOTE
r-devel-linux-x86_64-fedora-gcc 1.6 27.23 NOTE
r-devel-windows-ix86+x86_64 1.6 16.00 53.00 69.00 NOTE
r-patched-linux-x86_64 1.6 2.41 20.20 22.61 NOTE
r-patched-solaris-x86 1.6 45.50 NOTE
r-release-linux-x86_64 1.6 2.43 20.20 22.63 NOTE
r-release-windows-ix86+x86_64 1.6 14.00 41.00 55.00 NOTE
r-release-osx-x86_64 1.6 NOTE
r-oldrel-windows-ix86+x86_64 1.6 7.00 62.00 69.00 NOTE
r-oldrel-osx-x86_64 1.6 NOTE

Check Details

Version: 1.6
Check: R code for possible problems
Result: NOTE
    netVal: no visible global function definition for 'cutree'
    netVal: no visible global function definition for 'hclust'
    netVal: no visible global function definition for 'as.dist'
    Undefined global functions or variables:
     as.dist cutree hclust
    Consider adding
     importFrom("stats", "as.dist", "cutree", "hclust")
    to your NAMESPACE file.
Flavors: r-devel-linux-x86_64-debian-clang, r-devel-linux-x86_64-debian-gcc, r-devel-linux-x86_64-fedora-clang, r-devel-linux-x86_64-fedora-gcc, r-devel-windows-ix86+x86_64, r-patched-linux-x86_64, r-patched-solaris-x86, r-release-linux-x86_64, r-release-windows-ix86+x86_64, r-release-osx-x86_64, r-oldrel-windows-ix86+x86_64, r-oldrel-osx-x86_64

Version: 1.6
Check: compiled code
Result: NOTE
    File ‘NetComp/libs/NetComp.so’:
     Found no calls to: ‘R_registerRoutines’, ‘R_useDynamicSymbols’
    
    It is good practice to register native routines and to disable symbol
    search.
    
    See ‘Writing portable packages’ in the ‘Writing R Extensions’ manual.
Flavors: r-devel-linux-x86_64-fedora-clang, r-devel-linux-x86_64-fedora-gcc