CRAN Package Check Results for Package NetworkChange

Last updated on 2018-01-15 22:47:38 CET.

Flavor Version Tinstall Tcheck Ttotal Status Flags
r-devel-linux-x86_64-debian-clang 0.3 6.05 76.13 82.18 OK
r-devel-linux-x86_64-debian-gcc 0.3 5.34 68.39 73.73 OK
r-devel-linux-x86_64-fedora-clang 0.3 101.75 NOTE
r-devel-linux-x86_64-fedora-gcc 0.3 112.69 NOTE
r-devel-windows-ix86+x86_64 0.3 11.00 90.00 101.00 OK
r-patched-linux-x86_64 0.3 5.85 94.45 100.30 OK
r-patched-solaris-x86 0.3 187.70 NOTE
r-release-linux-x86_64 0.3 6.34 99.45 105.79 OK
r-release-windows-ix86+x86_64 0.3 18.00 131.00 149.00 OK
r-release-osx-x86_64 0.3 NOTE
r-oldrel-windows-ix86+x86_64 0.3 17.00 94.00 111.00 OK
r-oldrel-osx-x86_64 0.3 NOTE

Check Details

Version: 0.3
Check: dependencies in R code
Result: NOTE
    Namespace in Imports field not imported from: ‘abind’
     All declared Imports should be used.
Flavors: r-devel-linux-x86_64-fedora-clang, r-devel-linux-x86_64-fedora-gcc, r-patched-solaris-x86, r-release-osx-x86_64, r-oldrel-osx-x86_64