CRAN Package Check Results for Package NetworkChange

Last updated on 2017-11-18 22:47:48.

Flavor Version Tinstall Tcheck Ttotal Status Flags
r-devel-linux-x86_64-debian-clang 0.3 4.26 57.36 61.61 OK
r-devel-linux-x86_64-debian-gcc 0.3 5.52 61.50 67.03 OK
r-devel-linux-x86_64-fedora-clang 0.3 134.17 NOTE
r-devel-linux-x86_64-fedora-gcc 0.3 138.33 NOTE
r-devel-windows-ix86+x86_64 0.3 17.00 127.00 144.00 OK
r-patched-linux-x86_64 0.3 4.45 59.41 63.86 OK
r-patched-solaris-x86 0.3 177.80 NOTE
r-release-linux-x86_64 0.3 5.04 59.41 64.44 OK
r-release-windows-ix86+x86_64 0.3 21.00 133.00 154.00 OK
r-release-osx-x86_64 0.3 NOTE
r-oldrel-windows-ix86+x86_64 0.3 12.00 136.00 148.00 OK
r-oldrel-osx-x86_64 0.3 NOTE

Check Details

Version: 0.3
Check: dependencies in R code
Result: NOTE
    Namespace in Imports field not imported from: ‘abind’
     All declared Imports should be used.
Flavors: r-devel-linux-x86_64-fedora-clang, r-devel-linux-x86_64-fedora-gcc, r-patched-solaris-x86, r-release-osx-x86_64, r-oldrel-osx-x86_64