CRAN Package Check Results for Package NetworkChange

Last updated on 2018-10-16 22:56:26 CEST.

Flavor Version Tinstall Tcheck Ttotal Status Flags
r-devel-linux-x86_64-debian-clang 0.4 14.27 124.34 138.61 OK
r-devel-linux-x86_64-debian-gcc 0.4 11.24 96.22 107.46 OK
r-devel-linux-x86_64-fedora-clang 0.4 159.51 NOTE
r-devel-linux-x86_64-fedora-gcc 0.4 155.98 NOTE
r-devel-windows-ix86+x86_64 0.4 35.00 181.00 216.00 OK
r-patched-linux-x86_64 0.4 10.00 101.57 111.57 OK
r-patched-solaris-x86 0.4 174.30 NOTE
r-release-linux-x86_64 0.4 13.26 100.91 114.17 OK
r-release-windows-ix86+x86_64 0.4 24.00 146.00 170.00 OK
r-release-osx-x86_64 0.4 NOTE
r-oldrel-windows-ix86+x86_64 0.4 20.00 145.00 165.00 OK
r-oldrel-osx-x86_64 0.4 NOTE

Check Details

Version: 0.4
Check: dependencies in R code
Result: NOTE
    Namespace in Imports field not imported from: ‘plyr’
     All declared Imports should be used.
Flavors: r-devel-linux-x86_64-fedora-clang, r-devel-linux-x86_64-fedora-gcc, r-patched-solaris-x86, r-release-osx-x86_64, r-oldrel-osx-x86_64