CRAN Package Check Results for Package NetworkChange

Last updated on 2018-07-17 22:50:46 CEST.

Flavor Version Tinstall Tcheck Ttotal Status Flags
r-devel-linux-x86_64-debian-clang 0.3 12.76 116.32 129.08 OK
r-devel-linux-x86_64-debian-gcc 0.3 11.06 89.56 100.62 OK
r-devel-linux-x86_64-fedora-clang 0.3 147.64 NOTE
r-devel-linux-x86_64-fedora-gcc 0.3 151.38 NOTE
r-devel-windows-ix86+x86_64 0.3 30.00 166.00 196.00 OK
r-patched-linux-x86_64 0.3 11.73 94.11 105.84 OK
r-patched-solaris-x86 0.3 185.20 NOTE
r-release-linux-x86_64 0.3 12.26 94.17 106.43 OK
r-release-windows-ix86+x86_64 0.3 26.00 137.00 163.00 OK
r-release-osx-x86_64 0.3 NOTE
r-oldrel-windows-ix86+x86_64 0.3 14.00 96.00 110.00 OK
r-oldrel-osx-x86_64 0.3 NOTE

Check Details

Version: 0.3
Check: dependencies in R code
Result: NOTE
    Namespace in Imports field not imported from: ‘abind’
     All declared Imports should be used.
Flavors: r-devel-linux-x86_64-fedora-clang, r-devel-linux-x86_64-fedora-gcc, r-patched-solaris-x86, r-release-osx-x86_64, r-oldrel-osx-x86_64