Last updated on 2023-12-04 22:57:47 CET.
Flavor | Version | Tinstall | Tcheck | Ttotal | Status | Flags |
---|---|---|---|---|---|---|
r-devel-linux-x86_64-debian-clang | 1.0 | 6.79 | 436.19 | 442.98 | OK | |
r-devel-linux-x86_64-debian-gcc | 1.0 | 5.27 | 303.13 | 308.40 | OK | |
r-devel-linux-x86_64-fedora-clang | 1.0 | 532.52 | NOTE | |||
r-devel-linux-x86_64-fedora-gcc | 1.0 | 523.90 | NOTE | |||
r-devel-windows-x86_64 | 1.0 | 7.00 | 282.00 | 289.00 | OK | |
r-patched-linux-x86_64 | 1.0 | 5.84 | 397.52 | 403.36 | OK | |
r-release-linux-x86_64 | 1.0 | 4.64 | 404.51 | 409.15 | OK | |
r-release-macos-arm64 | 1.0 | 158.00 | OK | |||
r-release-macos-x86_64 | 1.0 | 276.00 | OK | |||
r-release-windows-x86_64 | 1.0 | 8.00 | 361.00 | 369.00 | OK | |
r-oldrel-macos-arm64 | 1.0 | 154.00 | NOTE | |||
r-oldrel-macos-x86_64 | 1.0 | 193.00 | NOTE | |||
r-oldrel-windows-x86_64 | 1.0 | 8.00 | 348.00 | 356.00 | OK |
Version: 1.0
Check: dependencies in R code
Result: NOTE
Namespace in Imports field not imported from: ‘rJava’
All declared Imports should be used.
Flavors: r-devel-linux-x86_64-fedora-clang, r-devel-linux-x86_64-fedora-gcc, r-oldrel-macos-arm64, r-oldrel-macos-x86_64