CRAN Package Check Results for Package NicheBarcoding

Last updated on 2023-01-30 22:57:16 CET.

Flavor Version Tinstall Tcheck Ttotal Status Flags
r-devel-linux-x86_64-debian-clang 1.0 6.06 412.41 418.47 OK
r-devel-linux-x86_64-debian-gcc 1.0 4.81 306.47 311.28 OK
r-devel-linux-x86_64-fedora-clang 1.0 509.31 NOTE
r-devel-linux-x86_64-fedora-gcc 1.0 545.92 NOTE
r-devel-windows-x86_64 1.0 26.00 437.00 463.00 OK
r-patched-linux-x86_64 1.0 5.27 403.91 409.18 OK
r-release-linux-x86_64 1.0 4.95 399.61 404.56 OK
r-release-macos-arm64 1.0 154.00 NOTE
r-release-macos-x86_64 1.0 193.00 NOTE
r-release-windows-x86_64 1.0 19.00 443.00 462.00 OK
r-oldrel-macos-arm64 1.0 144.00 NOTE
r-oldrel-macos-x86_64 1.0 201.00 NOTE
r-oldrel-windows-ix86+x86_64 1.0 11.00 504.00 515.00 OK

Check Details

Version: 1.0
Check: dependencies in R code
Result: NOTE
    Namespace in Imports field not imported from: ‘rJava’
     All declared Imports should be used.
Flavors: r-devel-linux-x86_64-fedora-clang, r-devel-linux-x86_64-fedora-gcc, r-release-macos-arm64, r-release-macos-x86_64, r-oldrel-macos-arm64, r-oldrel-macos-x86_64