CRAN Package Check Results for Package NlcOptim

Last updated on 2023-09-28 23:08:52 CEST.

Flavor Version Tinstall Tcheck Ttotal Status Flags
r-devel-linux-x86_64-debian-clang 0.6 3.36 30.10 33.46 NOTE
r-devel-linux-x86_64-debian-gcc 0.6 2.92 23.44 26.36 NOTE
r-devel-linux-x86_64-fedora-clang 0.6 42.22 NOTE
r-devel-linux-x86_64-fedora-gcc 0.6 43.34 NOTE
r-devel-windows-x86_64 0.6 11.00 45.00 56.00 NOTE
r-patched-linux-x86_64 0.6 3.07 27.62 30.69 NOTE
r-release-linux-x86_64 0.6 3.81 28.25 32.06 NOTE
r-release-macos-arm64 0.6 17.00 NOTE
r-release-macos-x86_64 0.6 23.00 NOTE
r-release-windows-x86_64 0.6 4.00 44.00 48.00 NOTE
r-oldrel-macos-arm64 0.6 17.00 NOTE
r-oldrel-macos-x86_64 0.6 23.00 NOTE
r-oldrel-windows-x86_64 0.6 7.00 45.00 52.00 NOTE

Check Details

Version: 0.6
Check: LazyData
Result: NOTE
     'LazyData' is specified without a 'data' directory
Flavors: r-devel-linux-x86_64-debian-clang, r-devel-linux-x86_64-debian-gcc, r-devel-linux-x86_64-fedora-clang, r-devel-linux-x86_64-fedora-gcc, r-devel-windows-x86_64, r-patched-linux-x86_64, r-release-linux-x86_64, r-release-macos-arm64, r-release-macos-x86_64, r-release-windows-x86_64, r-oldrel-macos-arm64, r-oldrel-macos-x86_64, r-oldrel-windows-x86_64