Last updated on 2023-12-01 21:54:13 CET.
Flavor | Version | Tinstall | Tcheck | Ttotal | Status | Flags |
---|---|---|---|---|---|---|
r-devel-linux-x86_64-debian-clang | 1.9.5 | 417.28 | 87.69 | 504.97 | WARN | |
r-devel-linux-x86_64-debian-gcc | 1.9.5 | 279.50 | 65.50 | 345.00 | WARN | |
r-devel-linux-x86_64-fedora-clang | 1.9.5 | 1073.74 | WARN | |||
r-devel-linux-x86_64-fedora-gcc | 1.9.5 | 803.77 | WARN | |||
r-devel-windows-x86_64 | 1.9.5 | 292.00 | 123.00 | 415.00 | WARN | |
r-patched-linux-x86_64 | 1.9.5 | 345.74 | 85.02 | 430.76 | NOTE | |
r-release-linux-x86_64 | 1.9.5 | 346.06 | 86.54 | 432.60 | NOTE | |
r-release-macos-arm64 | 1.9.5 | 184.00 | NOTE | |||
r-release-macos-x86_64 | 1.9.5 | 353.00 | NOTE | |||
r-release-windows-x86_64 | 1.9.5 | 329.00 | 142.00 | 471.00 | NOTE | |
r-oldrel-macos-arm64 | 1.9.5 | 172.00 | NOTE | |||
r-oldrel-macos-x86_64 | 1.9.5 | 247.00 | NOTE | |||
r-oldrel-windows-x86_64 | 1.9.5 | 434.00 | 137.00 | 571.00 | NOTE |
Version: 1.9.5
Check: whether package can be installed
Result: WARN
Found the following significant warnings:
nro_train.cpp:79:34: warning: format specifies type 'int' but the argument has type 'size_type' (aka 'unsigned long') [-Wformat]
See ‘/home/hornik/tmp/R.check/r-devel-clang/Work/PKGS/Numero.Rcheck/00install.out’ for details.
* used C compiler: ‘Debian clang version 17.0.5 (1)’
* used C++ compiler: ‘Debian clang version 17.0.5 (1)’
Flavor: r-devel-linux-x86_64-debian-clang
Version: 1.9.5
Check: C++ specification
Result: NOTE
Specified C++11: please drop specification unless essential
Flavors: r-devel-linux-x86_64-debian-clang, r-devel-linux-x86_64-debian-gcc, r-devel-linux-x86_64-fedora-clang, r-devel-linux-x86_64-fedora-gcc, r-devel-windows-x86_64, r-patched-linux-x86_64, r-release-linux-x86_64, r-release-macos-arm64, r-release-macos-x86_64, r-release-windows-x86_64
Version: 1.9.5
Check: Rd files
Result: NOTE
checkRd: (-1) numero.clean.Rd:38: Lost braces
38 | The frequency of missing values (against /code{na.freq}) is tested first
| ^
checkRd: (-1) numero.plot.Rd:55: Lost braces
55 | code{\link{numero.evaluate}()} or similar.
| ^
Flavors: r-devel-linux-x86_64-debian-clang, r-devel-linux-x86_64-debian-gcc
Version: 1.9.5
Check: whether package can be installed
Result: WARN
Found the following significant warnings:
nro_train.cpp:79:15: warning: format ‘%d’ expects argument of type ‘int’, but argument 2 has type ‘std::vector<double>::size_type’ {aka ‘long unsigned int’} [-Wformat=]
See ‘/home/hornik/tmp/R.check/r-devel-gcc/Work/PKGS/Numero.Rcheck/00install.out’ for details.
* used C compiler: ‘gcc-13 (Debian 13.2.0-5) 13.2.0’
* used C++ compiler: ‘g++-13 (Debian 13.2.0-5) 13.2.0’
Flavor: r-devel-linux-x86_64-debian-gcc
Version: 1.9.5
Check: whether package can be installed
Result: WARN
Found the following significant warnings:
nro_train.cpp:79:34: warning: format specifies type 'int' but the argument has type 'size_type' (aka 'unsigned long') [-Wformat]
See ‘/data/gannet/ripley/R/packages/tests-clang/Numero.Rcheck/00install.out’ for details.
* used C compiler: ‘clang version 17.0.5’
* used C++ compiler: ‘clang version 17.0.5’
Flavor: r-devel-linux-x86_64-fedora-clang
Version: 1.9.5
Check: installed package size
Result: NOTE
installed size is 6.5Mb
sub-directories of 1Mb or more:
doc 5.3Mb
Flavors: r-devel-linux-x86_64-fedora-clang, r-devel-windows-x86_64, r-release-macos-arm64, r-release-macos-x86_64, r-release-windows-x86_64, r-oldrel-macos-arm64, r-oldrel-macos-x86_64, r-oldrel-windows-x86_64
Version: 1.9.5
Check: whether package can be installed
Result: WARN
Found the following significant warnings:
nro_train.cpp:79:15: warning: format '%d' expects argument of type 'int', but argument 2 has type 'std::vector<double>::size_type' {aka 'long unsigned int'} [-Wformat=]
See ‘/data/gannet/ripley/R/packages/tests-devel/Numero.Rcheck/00install.out’ for details.
* used C compiler: ‘gcc-13 (GCC) 13.2.0’
* used C++ compiler: ‘g++-13 (GCC) 13.2.0’
Flavor: r-devel-linux-x86_64-fedora-gcc
Version: 1.9.5
Check: whether package can be installed
Result: WARN
Found the following significant warnings:
nro_train.cpp:79:15: warning: format '%d' expects argument of type 'int', but argument 2 has type 'std::vector<double>::size_type' {aka 'long long unsigned int'} [-Wformat=]
See 'd:/Rcompile/CRANpkg/local/4.4/Numero.Rcheck/00install.out' for details.
* used C compiler: 'gcc.exe (GCC) 12.3.0'
* used C++ compiler: 'g++.exe (GCC) 12.3.0'
Flavor: r-devel-windows-x86_64