Last updated on 2024-04-18 22:52:51 CEST.
Flavor | Version | Tinstall | Tcheck | Ttotal | Status | Flags |
---|---|---|---|---|---|---|
r-devel-linux-x86_64-debian-clang | 1.0.0 | 1.51 | 19.94 | 21.45 | NOTE | |
r-devel-linux-x86_64-debian-gcc | 1.0.0 | 1.50 | 15.79 | 17.29 | NOTE | |
r-devel-linux-x86_64-fedora-clang | 1.0.0 | 28.50 | NOTE | |||
r-devel-linux-x86_64-fedora-gcc | 1.0.0 | 28.27 | NOTE | |||
r-prerel-macos-arm64 | 1.0.0 | 13.00 | NOTE | |||
r-prerel-windows-x86_64 | 1.0.0 | 2.00 | 36.00 | 38.00 | NOTE | |
r-patched-linux-x86_64 | 1.0.0 | 1.98 | 19.53 | 21.51 | NOTE | |
r-release-linux-x86_64 | 1.0.0 | 1.95 | 19.13 | 21.08 | NOTE | |
r-release-macos-arm64 | 1.0.0 | 14.00 | NOTE | |||
r-release-macos-x86_64 | 1.0.0 | 17.00 | NOTE | |||
r-release-windows-x86_64 | 1.0.0 | 3.00 | 35.00 | 38.00 | NOTE | |
r-oldrel-macos-arm64 | 1.0.0 | 15.00 | NOTE | |||
r-oldrel-windows-x86_64 | 1.0.0 | 6.00 | 43.00 | 49.00 | NOTE |
Version: 1.0.0
Check: Rd files
Result: NOTE
checkRd: (-1) OBMb.Rd:28: Lost braces in \itemize; \value handles \item{}{} directly
checkRd: (-1) OBMb.Rd:29: Lost braces in \itemize; \value handles \item{}{} directly
checkRd: (-1) OBMb.Rd:30: Lost braces in \itemize; \value handles \item{}{} directly
checkRd: (-1) OBMb.Rd:31: Lost braces in \itemize; \value handles \item{}{} directly
checkRd: (-1) OBMb.Rd:32: Lost braces in \itemize; \value handles \item{}{} directly
checkRd: (-1) OBMb.Rd:33: Lost braces in \itemize; \value handles \item{}{} directly
Flavors: r-devel-linux-x86_64-debian-clang, r-devel-linux-x86_64-debian-gcc, r-devel-linux-x86_64-fedora-clang, r-devel-linux-x86_64-fedora-gcc, r-prerel-macos-arm64, r-prerel-windows-x86_64, r-patched-linux-x86_64
Version: 1.0.0
Check: LazyData
Result: NOTE
'LazyData' is specified without a 'data' directory
Flavors: r-devel-linux-x86_64-debian-clang, r-devel-linux-x86_64-debian-gcc, r-devel-linux-x86_64-fedora-clang, r-devel-linux-x86_64-fedora-gcc, r-prerel-macos-arm64, r-prerel-windows-x86_64, r-patched-linux-x86_64, r-release-linux-x86_64, r-release-macos-arm64, r-release-macos-x86_64, r-release-windows-x86_64, r-oldrel-macos-arm64, r-oldrel-windows-x86_64