Last updated on 2023-10-02 22:08:06 CEST.
Flavor | Version | Tinstall | Tcheck | Ttotal | Status | Flags |
---|---|---|---|---|---|---|
r-devel-linux-x86_64-debian-clang | 0.5.3 | 3.48 | 31.87 | 35.35 | OK | |
r-devel-linux-x86_64-debian-gcc | 0.5.3 | 2.61 | 24.01 | 26.62 | OK | |
r-devel-linux-x86_64-fedora-clang | 0.5.3 | 43.23 | NOTE | |||
r-devel-linux-x86_64-fedora-gcc | 0.5.3 | 53.64 | NOTE | |||
r-devel-windows-x86_64 | 0.5.3 | 4.00 | 52.00 | 56.00 | OK | |
r-patched-linux-x86_64 | 0.5.3 | 4.19 | 30.09 | 34.28 | OK | |
r-release-linux-x86_64 | 0.5.3 | 2.76 | 30.74 | 33.50 | OK | |
r-release-macos-arm64 | 0.5.3 | 29.00 | OK | |||
r-release-macos-x86_64 | 0.5.3 | 37.00 | OK | |||
r-release-windows-x86_64 | 0.5.3 | 13.00 | 52.00 | 65.00 | OK | |
r-oldrel-macos-arm64 | 0.5.3 | 21.00 | NOTE | |||
r-oldrel-macos-x86_64 | 0.5.3 | 29.00 | NOTE | |||
r-oldrel-windows-x86_64 | 0.5.3 | 6.00 | 55.00 | 61.00 | OK |
Version: 0.5.3
Check: dependencies in R code
Result: NOTE
Namespace in Imports field not imported from: ‘R6’
All declared Imports should be used.
Flavors: r-devel-linux-x86_64-fedora-clang, r-devel-linux-x86_64-fedora-gcc, r-oldrel-macos-arm64, r-oldrel-macos-x86_64