CRAN Package Check Results for Package ORIClust

Last updated on 2018-10-17 22:51:46 CEST.

Flavor Version Tinstall Tcheck Ttotal Status Flags
r-devel-linux-x86_64-debian-clang 1.0-1 2.64 33.92 36.56 NOTE
r-devel-linux-x86_64-debian-gcc 1.0-1 2.31 26.92 29.23 NOTE
r-devel-linux-x86_64-fedora-clang 1.0-1 44.60 NOTE
r-devel-linux-x86_64-fedora-gcc 1.0-1 42.81 NOTE
r-devel-windows-ix86+x86_64 1.0-1 6.00 55.00 61.00 NOTE
r-patched-linux-x86_64 1.0-1 3.22 32.66 35.88 NOTE
r-patched-solaris-x86 1.0-1 56.00 NOTE
r-release-linux-x86_64 1.0-1 3.37 32.80 36.17 NOTE
r-release-windows-ix86+x86_64 1.0-1 6.00 41.00 47.00 NOTE
r-release-osx-x86_64 1.0-1 NOTE
r-oldrel-windows-ix86+x86_64 1.0-1 2.00 41.00 43.00 NOTE
r-oldrel-osx-x86_64 1.0-1 NOTE

Check Details

Version: 1.0-1
Check: R code for possible problems
Result: NOTE
    ORICC1: no visible binding for global variable ‘sd’
    ORICC1: no visible global function definition for ‘write.table’
    ORICC1: no visible global function definition for ‘postscript’
    ORICC1: no visible global function definition for ‘jpeg’
    ORICC1: no visible global function definition for ‘plot’
    ORICC1: no visible global function definition for ‘points’
    ORICC1: no visible global function definition for ‘dev.off’
    ORICC1: no visible global function definition for ‘par’
    ORICC2: no visible binding for global variable ‘sd’
    ORICC2: no visible global function definition for ‘write.table’
    ORICC2: no visible global function definition for ‘postscript’
    ORICC2: no visible global function definition for ‘jpeg’
    ORICC2: no visible global function definition for ‘plot’
    ORICC2: no visible global function definition for ‘points’
    ORICC2: no visible global function definition for ‘dev.off’
    ORICC2: no visible global function definition for ‘par’
    Undefined global functions or variables:
     dev.off jpeg par plot points postscript sd write.table
    Consider adding
     importFrom("grDevices", "dev.off", "jpeg", "postscript")
     importFrom("graphics", "par", "plot", "points")
     importFrom("stats", "sd")
     importFrom("utils", "write.table")
    to your NAMESPACE file.
Flavors: r-devel-linux-x86_64-debian-clang, r-devel-linux-x86_64-debian-gcc, r-devel-linux-x86_64-fedora-clang, r-devel-linux-x86_64-fedora-gcc, r-devel-windows-ix86+x86_64, r-patched-linux-x86_64, r-patched-solaris-x86, r-release-linux-x86_64, r-release-windows-ix86+x86_64, r-release-osx-x86_64, r-oldrel-windows-ix86+x86_64, r-oldrel-osx-x86_64