Last updated on 2024-03-28 23:01:52 CET.
Flavor | Version | Tinstall | Tcheck | Ttotal | Status | Flags |
---|---|---|---|---|---|---|
r-devel-linux-x86_64-debian-clang | 1.0 | 7.45 | 55.89 | 63.34 | NOTE | |
r-devel-linux-x86_64-debian-gcc | 1.0 | 6.17 | 43.45 | 49.62 | NOTE | |
r-devel-linux-x86_64-fedora-clang | 1.0 | 80.80 | NOTE | |||
r-devel-linux-x86_64-fedora-gcc | 1.0 | 77.32 | NOTE | |||
r-devel-windows-x86_64 | 1.0 | 9.00 | 64.00 | 73.00 | NOTE | |
r-patched-linux-x86_64 | 1.0 | 5.76 | 55.01 | 60.77 | NOTE | |
r-release-linux-x86_64 | 1.0 | 7.62 | 54.82 | 62.44 | NOTE | |
r-release-macos-arm64 | 1.0 | 19.00 | NOTE | |||
r-release-macos-x86_64 | 1.0 | 24.00 | NOTE | |||
r-release-windows-x86_64 | 1.0 | 11.00 | 71.00 | 82.00 | NOTE | |
r-oldrel-macos-arm64 | 1.0 | 17.00 | NOTE | |||
r-oldrel-windows-x86_64 | 1.0 | 11.00 | 72.00 | 83.00 | NOTE |
Version: 1.0
Check: LazyData
Result: NOTE
'LazyData' is specified without a 'data' directory
Flavors: r-devel-linux-x86_64-debian-clang, r-devel-linux-x86_64-debian-gcc, r-devel-linux-x86_64-fedora-clang, r-devel-linux-x86_64-fedora-gcc, r-devel-windows-x86_64, r-patched-linux-x86_64, r-release-linux-x86_64, r-release-macos-arm64, r-release-macos-x86_64, r-release-windows-x86_64, r-oldrel-macos-arm64, r-oldrel-windows-x86_64