CRAN Package Check Results for Package OceanView

Last updated on 2018-10-17 22:51:46 CEST.

Flavor Version Tinstall Tcheck Ttotal Status Flags
r-devel-linux-x86_64-debian-clang 1.0.4 6.51 88.56 95.07 OK
r-devel-linux-x86_64-debian-gcc 1.0.4 6.73 68.66 75.39 OK
r-devel-linux-x86_64-fedora-clang 1.0.4 117.44 NOTE
r-devel-linux-x86_64-fedora-gcc 1.0.4 114.50 NOTE
r-devel-windows-ix86+x86_64 1.0.4 24.00 198.00 222.00 OK
r-patched-linux-x86_64 1.0.4 6.78 83.51 90.29 OK
r-patched-solaris-x86 1.0.4 144.20 OK
r-release-linux-x86_64 1.0.4 6.32 84.08 90.40 OK
r-release-windows-ix86+x86_64 1.0.4 19.00 200.00 219.00 OK
r-release-osx-x86_64 1.0.4 OK
r-oldrel-windows-ix86+x86_64 1.0.4 16.00 182.00 198.00 OK
r-oldrel-osx-x86_64 1.0.4 OK

Check Details

Version: 1.0.4
Check: compiled code
Result: NOTE
    File ‘OceanView/libs/OceanView.so’:
     Found no calls to: ‘R_registerRoutines’, ‘R_useDynamicSymbols’
    
    It is good practice to register native routines and to disable symbol
    search.
    
    See ‘Writing portable packages’ in the ‘Writing R Extensions’ manual.
Flavors: r-devel-linux-x86_64-fedora-clang, r-devel-linux-x86_64-fedora-gcc