CRAN Package Check Results for Package OceanView

Last updated on 2018-08-15 22:52:25 CEST.

Flavor Version Tinstall Tcheck Ttotal Status Flags
r-devel-linux-x86_64-debian-clang 1.0.4 6.79 86.98 93.77 NOTE
r-devel-linux-x86_64-debian-gcc 1.0.4 5.46 69.29 74.75 NOTE
r-devel-linux-x86_64-fedora-clang 1.0.4 115.11 NOTE
r-devel-linux-x86_64-fedora-gcc 1.0.4 114.50 NOTE
r-devel-windows-ix86+x86_64 1.0.4 13.00 150.00 163.00 OK
r-patched-linux-x86_64 1.0.4 6.76 83.36 90.12 NOTE
r-patched-solaris-x86 1.0.4 149.30 OK
r-release-linux-x86_64 1.0.4 7.38 83.97 91.35 NOTE
r-release-windows-ix86+x86_64 1.0.4 13.00 201.00 214.00 OK
r-release-osx-x86_64 1.0.4 OK
r-oldrel-windows-ix86+x86_64 1.0.4 14.00 207.00 221.00 OK
r-oldrel-osx-x86_64 1.0.4 OK

Check Details

Version: 1.0.4
Check: compiled code
Result: NOTE
    File ‘OceanView/libs/OceanView.so’:
     Found no calls to: ‘R_registerRoutines’, ‘R_useDynamicSymbols’
    
    It is good practice to register native routines and to disable symbol
    search.
    
    See ‘Writing portable packages’ in the ‘Writing R Extensions’ manual.
Flavors: r-devel-linux-x86_64-debian-clang, r-devel-linux-x86_64-debian-gcc, r-devel-linux-x86_64-fedora-clang, r-devel-linux-x86_64-fedora-gcc, r-patched-linux-x86_64, r-release-linux-x86_64