CRAN Package Check Results for Package OceanView

Last updated on 2019-01-15 22:50:17 CET.

Flavor Version Tinstall Tcheck Ttotal Status Flags
r-devel-linux-x86_64-debian-clang 1.0.4 8.20 88.11 96.31 OK
r-devel-linux-x86_64-debian-gcc 1.0.4 6.45 68.25 74.70 OK
r-devel-linux-x86_64-fedora-clang 1.0.4 119.50 NOTE
r-devel-linux-x86_64-fedora-gcc 1.0.4 113.61 NOTE
r-devel-windows-ix86+x86_64 1.0.4 14.00 147.00 161.00 OK
r-patched-linux-x86_64 1.0.4 7.23 83.61 90.84 OK
r-patched-solaris-x86 1.0.4 153.80 OK
r-release-linux-x86_64 1.0.4 6.46 83.12 89.58 OK
r-release-windows-ix86+x86_64 1.0.4 14.00 146.00 160.00 OK
r-release-osx-x86_64 1.0.4 OK
r-oldrel-windows-ix86+x86_64 1.0.4 9.00 180.00 189.00 OK
r-oldrel-osx-x86_64 1.0.4 OK

Check Details

Version: 1.0.4
Check: compiled code
Result: NOTE
    File ‘OceanView/libs/OceanView.so’:
     Found no calls to: ‘R_registerRoutines’, ‘R_useDynamicSymbols’
    
    It is good practice to register native routines and to disable symbol
    search.
    
    See ‘Writing portable packages’ in the ‘Writing R Extensions’ manual.
Flavors: r-devel-linux-x86_64-fedora-clang, r-devel-linux-x86_64-fedora-gcc