CRAN Package Check Results for Package OceanView

Last updated on 2018-05-22 22:48:40 CEST.

Flavor Version Tinstall Tcheck Ttotal Status Flags
r-devel-linux-x86_64-debian-clang 1.0.4 6.57 87.83 94.40 NOTE
r-devel-linux-x86_64-debian-gcc 1.0.4 6.59 67.31 73.90 NOTE
r-devel-linux-x86_64-fedora-clang 1.0.4 114.69 NOTE
r-devel-linux-x86_64-fedora-gcc 1.0.4 114.34 NOTE
r-devel-windows-ix86+x86_64 1.0.4 13.00 188.00 201.00 OK
r-patched-linux-x86_64 1.0.4 6.76 84.24 91.00 NOTE
r-patched-solaris-x86 1.0.4 151.80 OK
r-release-linux-x86_64 1.0.4 8.33 84.31 92.64 NOTE
r-release-windows-ix86+x86_64 1.0.4 18.00 248.00 266.00 OK
r-release-osx-x86_64 1.0.4 OK
r-oldrel-windows-ix86+x86_64 1.0.4 19.00 157.00 176.00 OK
r-oldrel-osx-x86_64 1.0.4 OK

Check Details

Version: 1.0.4
Check: compiled code
Result: NOTE
    File ‘OceanView/libs/OceanView.so’:
     Found no calls to: ‘R_registerRoutines’, ‘R_useDynamicSymbols’
    
    It is good practice to register native routines and to disable symbol
    search.
    
    See ‘Writing portable packages’ in the ‘Writing R Extensions’ manual.
Flavors: r-devel-linux-x86_64-debian-clang, r-devel-linux-x86_64-debian-gcc, r-devel-linux-x86_64-fedora-clang, r-devel-linux-x86_64-fedora-gcc, r-patched-linux-x86_64, r-release-linux-x86_64