CRAN Package Check Results for Package OddsPlotty

Last updated on 2024-02-24 21:40:27 CET.

Flavor Version Tinstall Tcheck Ttotal Status Flags
r-devel-linux-x86_64-debian-clang 1.0.2 5.10 66.59 71.69 OK
r-devel-linux-x86_64-debian-gcc 1.0.2 4.09 71.62 75.71 OK
r-devel-linux-x86_64-fedora-clang 1.0.2 93.92 NOTE
r-devel-linux-x86_64-fedora-gcc 1.0.2 104.03 NOTE
r-devel-windows-x86_64 1.0.2 7.00 69.00 76.00 OK
r-patched-linux-x86_64 1.0.2 3.92 63.09 67.01 OK
r-release-linux-x86_64 1.0.2 3.91 64.26 68.17 OK
r-release-macos-arm64 1.0.2 43.00 OK
r-release-macos-x86_64 1.0.2 58.00 OK
r-release-windows-x86_64 1.0.2 9.00 82.00 91.00 OK
r-oldrel-macos-arm64 1.0.2 32.00 NOTE
r-oldrel-windows-x86_64 1.0.2 8.00 86.00 94.00 OK

Check Details

Version: 1.0.2
Check: dependencies in R code
Result: NOTE Namespaces in Imports field not imported from: ‘caret’ ‘e1071’ ‘ggthemes’ ‘mlbench’ ‘rmarkdown’ ‘tidymodels’ All declared Imports should be used. Flavors: r-devel-linux-x86_64-fedora-clang, r-devel-linux-x86_64-fedora-gcc, r-oldrel-macos-arm64