Last updated on 2023-01-28 22:55:20 CET.
Flavor | Version | Tinstall | Tcheck | Ttotal | Status | Flags |
---|---|---|---|---|---|---|
r-devel-linux-x86_64-debian-clang | 0.8-7 | 194.11 | 303.81 | 497.92 | NOTE | |
r-devel-linux-x86_64-debian-gcc | 0.8-7 | 156.70 | 229.00 | 385.70 | NOTE | |
r-devel-linux-x86_64-fedora-clang | 0.8-7 | 639.85 | NOTE | |||
r-devel-linux-x86_64-fedora-gcc | 0.8-7 | 633.35 | NOTE | |||
r-devel-windows-x86_64 | 0.8-7 | 716.00 | 391.00 | 1107.00 | NOTE | |
r-patched-linux-x86_64 | 0.8-7 | 160.59 | 294.79 | 455.38 | NOTE | |
r-release-linux-x86_64 | 0.8-7 | 125.09 | 298.53 | 423.62 | NOTE | |
r-release-macos-arm64 | 0.8-7 | 139.00 | NOTE | |||
r-release-macos-x86_64 | 0.8-7 | 217.00 | NOTE | |||
r-release-windows-x86_64 | 0.8-7 | 181.00 | 378.00 | 559.00 | NOTE | |
r-oldrel-macos-arm64 | 0.8-7 | 113.00 | NOTE | |||
r-oldrel-macos-x86_64 | 0.8-7 | 219.00 | NOTE | |||
r-oldrel-windows-ix86+x86_64 | 0.8-7 | 387.00 | 582.00 | 969.00 | NOTE |
Version: 0.8-7
Check: package dependencies
Result: NOTE
Package suggested but not available for checking: ‘cmdstanr’
Flavors: r-devel-linux-x86_64-debian-clang, r-devel-linux-x86_64-debian-gcc, r-devel-linux-x86_64-fedora-clang, r-devel-linux-x86_64-fedora-gcc, r-devel-windows-x86_64, r-patched-linux-x86_64, r-release-linux-x86_64, r-release-macos-arm64, r-release-macos-x86_64, r-release-windows-x86_64, r-oldrel-macos-arm64, r-oldrel-macos-x86_64, r-oldrel-windows-ix86+x86_64
Version: 0.8-7
Check: for GNU extensions in Makefiles
Result: NOTE
GNU make is a SystemRequirements.
Flavors: r-devel-linux-x86_64-debian-clang, r-devel-linux-x86_64-debian-gcc, r-devel-linux-x86_64-fedora-clang, r-devel-linux-x86_64-fedora-gcc, r-devel-windows-x86_64, r-patched-linux-x86_64, r-release-linux-x86_64, r-release-macos-arm64, r-release-macos-x86_64, r-release-windows-x86_64, r-oldrel-macos-arm64, r-oldrel-macos-x86_64, r-oldrel-windows-ix86+x86_64
Version: 0.8-7
Check: C++ specification
Result: NOTE
Specified C++14: please update to current default of C++17
Flavors: r-devel-linux-x86_64-debian-gcc, r-devel-linux-x86_64-fedora-gcc
Version: 0.8-7
Check: installed package size
Result: NOTE
installed size is 43.6Mb
sub-directories of 1Mb or more:
libs 42.2Mb
Flavors: r-release-macos-arm64, r-release-macos-x86_64, r-oldrel-macos-arm64, r-oldrel-macos-x86_64, r-oldrel-windows-ix86+x86_64