Last updated on 2023-09-23 23:00:52 CEST.
Flavor | Version | Tinstall | Tcheck | Ttotal | Status | Flags |
---|---|---|---|---|---|---|
r-devel-linux-x86_64-debian-clang | 0.8-9 | 346.85 | 434.54 | 781.39 | NOTE | |
r-devel-linux-x86_64-debian-gcc | 0.8-9 | 255.56 | 344.22 | 599.78 | NOTE | |
r-devel-linux-x86_64-fedora-clang | 0.8-9 | 980.53 | NOTE | |||
r-devel-linux-x86_64-fedora-gcc | 0.8-9 | 730.42 | NOTE | |||
r-devel-windows-x86_64 | 0.8-9 | 250.00 | 342.00 | 592.00 | NOTE | |
r-patched-linux-x86_64 | 0.8-9 | 226.99 | 425.64 | 652.63 | NOTE | |
r-release-linux-x86_64 | 0.8-9 | 231.45 | 420.67 | 652.12 | NOTE | |
r-release-macos-arm64 | 0.8-9 | 149.00 | NOTE | |||
r-release-macos-x86_64 | 0.8-9 | 400.00 | NOTE | |||
r-release-windows-x86_64 | 0.8-9 | 326.00 | 450.00 | 776.00 | NOTE | |
r-oldrel-macos-arm64 | 0.8-9 | 160.00 | NOTE | |||
r-oldrel-macos-x86_64 | 0.8-9 | 230.00 | NOTE | |||
r-oldrel-windows-x86_64 | 0.8-9 | 306.00 | 423.00 | 729.00 | NOTE |
Version: 0.8-9
Check: package dependencies
Result: NOTE
Package suggested but not available for checking: ‘cmdstanr’
Flavors: r-devel-linux-x86_64-debian-clang, r-devel-linux-x86_64-debian-gcc, r-devel-linux-x86_64-fedora-clang, r-devel-linux-x86_64-fedora-gcc, r-devel-windows-x86_64, r-patched-linux-x86_64, r-release-linux-x86_64, r-release-macos-arm64, r-release-macos-x86_64, r-release-windows-x86_64, r-oldrel-macos-arm64, r-oldrel-macos-x86_64, r-oldrel-windows-x86_64
Version: 0.8-9
Check: for GNU extensions in Makefiles
Result: NOTE
GNU make is a SystemRequirements.
Flavors: r-devel-linux-x86_64-debian-clang, r-devel-linux-x86_64-debian-gcc, r-devel-linux-x86_64-fedora-clang, r-devel-linux-x86_64-fedora-gcc, r-devel-windows-x86_64, r-patched-linux-x86_64, r-release-linux-x86_64, r-release-macos-arm64, r-release-macos-x86_64, r-release-windows-x86_64, r-oldrel-macos-arm64, r-oldrel-macos-x86_64, r-oldrel-windows-x86_64
Version: 0.8-9
Check: installed package size
Result: NOTE
installed size is 45.9Mb
sub-directories of 1Mb or more:
libs 44.0Mb
Flavors: r-release-macos-arm64, r-release-macos-x86_64, r-oldrel-macos-arm64, r-oldrel-macos-x86_64