CRAN Package Check Results for Package OpenRepGrid.ic

Last updated on 2021-04-12 22:51:09 CEST.

Flavor Version Tinstall Tcheck Ttotal Status Flags
r-devel-linux-x86_64-debian-clang 0.5.0 6.98 75.28 82.26 OK
r-devel-linux-x86_64-debian-gcc 0.5.0 5.70 56.70 62.40 OK
r-devel-linux-x86_64-fedora-clang 0.5.0 107.40 NOTE
r-devel-linux-x86_64-fedora-gcc 0.5.0 95.34 NOTE
r-devel-windows-ix86+x86_64 0.5.0 18.00 94.00 112.00 OK
r-devel-windows-x86_64-gcc10-UCRT 0.5.0 NOTE
r-patched-linux-x86_64 0.5.0 6.91 69.89 76.80 OK
r-patched-solaris-x86 0.5.0 157.20 NOTE
r-release-linux-x86_64 0.5.0 6.18 70.01 76.19 OK
r-release-macos-x86_64 0.5.0 NOTE
r-release-windows-ix86+x86_64 0.5.0 17.00 98.00 115.00 OK
r-oldrel-macos-x86_64 0.5.0 NOTE
r-oldrel-windows-ix86+x86_64 0.5.0 8.00 67.00 75.00 OK

Check Details

Version: 0.5.0
Check: package dependencies
Result: NOTE
    Imports includes 24 non-default packages.
    Importing from so many packages makes the package vulnerable to any of
    them becoming unavailable. Move as many as possible to Suggests and
    use conditionally.
Flavor: r-devel-linux-x86_64-fedora-clang

Version: 0.5.0
Check: dependencies in R code
Result: NOTE
    Namespaces in Imports field not imported from:
     ‘formattable’ ‘rintrojs’ ‘shinyBS’ ‘shinyFeedback’ ‘shinyWidgets’
     ‘shinycssloaders’ ‘shinydashboard’ ‘shinydashboardPlus’ ‘shinyjs’
     ‘shinythemes’ ‘splines’ ‘testthat’ ‘tidyverse’
     All declared Imports should be used.
Flavors: r-devel-linux-x86_64-fedora-clang, r-devel-linux-x86_64-fedora-gcc, r-devel-windows-x86_64-gcc10-UCRT, r-patched-solaris-x86, r-release-macos-x86_64, r-oldrel-macos-x86_64