CRAN Package Check Results for Package OptimalDesign

Last updated on 2023-10-01 23:03:53 CEST.

Flavor Version Tinstall Tcheck Ttotal Status Flags
r-devel-linux-x86_64-debian-clang 1.0.1 11.37 67.22 78.59 NOTE
r-devel-linux-x86_64-debian-gcc 1.0.1 9.27 49.87 59.14 NOTE
r-devel-linux-x86_64-fedora-clang 1.0.1 93.10 NOTE
r-devel-linux-x86_64-fedora-gcc 1.0.1 93.80 NOTE
r-devel-windows-x86_64 1.0.1 10.00 70.00 80.00 NOTE
r-patched-linux-x86_64 1.0.1 8.74 64.80 73.54 NOTE
r-release-linux-x86_64 1.0.1 7.19 67.54 74.73 NOTE
r-release-macos-arm64 1.0.1 34.00 NOTE
r-release-macos-x86_64 1.0.1 46.00 NOTE
r-release-windows-x86_64 1.0.1 14.00 81.00 95.00 NOTE
r-oldrel-macos-arm64 1.0.1 29.00 NOTE
r-oldrel-macos-x86_64 1.0.1 38.00 NOTE
r-oldrel-windows-x86_64 1.0.1 15.00 85.00 100.00 NOTE

Check Details

Version: 1.0.1
Check: package dependencies
Result: NOTE
    Package which this enhances but not available for checking: ‘gurobi’
Flavors: r-devel-linux-x86_64-debian-clang, r-devel-linux-x86_64-debian-gcc, r-devel-linux-x86_64-fedora-clang, r-devel-linux-x86_64-fedora-gcc, r-devel-windows-x86_64, r-patched-linux-x86_64, r-release-linux-x86_64, r-release-macos-arm64, r-release-macos-x86_64, r-release-windows-x86_64, r-oldrel-macos-arm64, r-oldrel-macos-x86_64, r-oldrel-windows-x86_64

Version: 1.0.1
Check: LazyData
Result: NOTE
     'LazyData' is specified without a 'data' directory
Flavors: r-devel-linux-x86_64-debian-clang, r-devel-linux-x86_64-debian-gcc, r-devel-linux-x86_64-fedora-clang, r-devel-linux-x86_64-fedora-gcc, r-devel-windows-x86_64, r-patched-linux-x86_64, r-release-linux-x86_64, r-release-macos-arm64, r-release-macos-x86_64, r-release-windows-x86_64, r-oldrel-macos-arm64, r-oldrel-macos-x86_64, r-oldrel-windows-x86_64