Last updated on 2024-04-25 22:49:15 CEST.
Flavor | Version | Tinstall | Tcheck | Ttotal | Status | Flags |
---|---|---|---|---|---|---|
r-devel-linux-x86_64-debian-clang | 1.0.3 | 2.31 | 49.82 | 52.13 | NOTE | |
r-devel-linux-x86_64-debian-gcc | 1.0.3 | 2.07 | 35.71 | 37.78 | NOTE | |
r-devel-linux-x86_64-fedora-clang | 1.0.3 | 65.41 | NOTE | |||
r-devel-linux-x86_64-fedora-gcc | 1.0.3 | 63.63 | NOTE | |||
r-devel-windows-x86_64 | 1.0.3 | 3.00 | 53.00 | 56.00 | NOTE | |
r-patched-linux-x86_64 | 1.0.3 | 2.73 | 47.33 | 50.06 | NOTE | |
r-release-linux-x86_64 | 1.0.3 | 2.54 | 48.20 | 50.74 | OK | |
r-release-macos-arm64 | 1.0.3 | 20.00 | NOTE | |||
r-release-windows-x86_64 | 1.0.3 | 3.00 | 53.00 | 56.00 | NOTE | |
r-oldrel-macos-arm64 | 1.0.3 | 24.00 | OK | |||
r-oldrel-macos-x86_64 | 1.0.3 | 34.00 | OK | |||
r-oldrel-windows-x86_64 | 1.0.3 | 3.00 | 59.00 | 62.00 | OK |
Version: 1.0.3
Check: Rd files
Result: NOTE
checkRd: (-1) minK.Rd:11: Lost braces in \itemize; meant \describe ?
checkRd: (-1) minK.Rd:13: Lost braces in \itemize; meant \describe ?
checkRd: (-1) minK.Rd:15: Lost braces in \itemize; meant \describe ?
Flavors: r-devel-linux-x86_64-debian-clang, r-devel-linux-x86_64-debian-gcc, r-devel-linux-x86_64-fedora-clang, r-devel-linux-x86_64-fedora-gcc, r-devel-windows-x86_64, r-patched-linux-x86_64, r-release-macos-arm64, r-release-windows-x86_64