Last updated on 2024-04-17 23:00:01 CEST.
Flavor | Version | Tinstall | Tcheck | Ttotal | Status | Flags |
---|---|---|---|---|---|---|
r-devel-linux-x86_64-debian-clang | 1.0.0 | 41.94 | 271.12 | 313.06 | NOTE | |
r-devel-linux-x86_64-debian-gcc | 1.0.0 | 28.37 | 199.04 | 227.41 | NOTE | |
r-devel-linux-x86_64-fedora-clang | 1.0.0 | 412.86 | NOTE | |||
r-devel-linux-x86_64-fedora-gcc | 1.0.0 | 395.29 | NOTE | |||
r-prerel-macos-arm64 | 1.0.0 | 140.00 | NOTE | |||
r-prerel-windows-x86_64 | 1.0.0 | 25.00 | 185.00 | 210.00 | NOTE | |
r-patched-linux-x86_64 | 1.0.0 | 36.22 | 261.55 | 297.77 | NOTE | |
r-release-linux-x86_64 | 1.0.0 | 21.43 | 242.90 | 264.33 | OK | |
r-release-macos-arm64 | 1.0.0 | 92.00 | OK | |||
r-release-macos-x86_64 | 1.0.0 | 245.00 | OK | |||
r-release-windows-x86_64 | 1.0.0 | 36.00 | 233.00 | 269.00 | OK | |
r-oldrel-macos-arm64 | 1.0.0 | 138.00 | OK | |||
r-oldrel-windows-x86_64 | 1.0.0 | 35.00 | 230.00 | 265.00 | OK |
Version: 1.0.0
Check: Rd files
Result: NOTE
checkRd: (-1) addFPOD.Rd:42: Lost braces
42 | has FPOD detections, these events may not work with a variety of other ]code{PAMpal}
| ^
Flavors: r-devel-linux-x86_64-debian-clang, r-devel-linux-x86_64-debian-gcc, r-devel-linux-x86_64-fedora-clang, r-devel-linux-x86_64-fedora-gcc, r-prerel-macos-arm64, r-prerel-windows-x86_64, r-patched-linux-x86_64