Last updated on 2024-05-05 22:53:20 CEST.
Flavor | Version | Tinstall | Tcheck | Ttotal | Status | Flags |
---|---|---|---|---|---|---|
r-devel-linux-x86_64-debian-clang | 1.0.1 | 0.77 | 2.37 | 3.14 | ERROR | |
r-devel-linux-x86_64-debian-gcc | 1.0.1 | 9.26 | 55.96 | 65.22 | OK | |
r-devel-linux-x86_64-fedora-clang | 1.0.1 | 109.97 | OK | |||
r-devel-linux-x86_64-fedora-gcc | 1.0.1 | 118.06 | OK | |||
r-devel-windows-x86_64 | 1.0.1 | 14.00 | 78.00 | 92.00 | OK | |
r-patched-linux-x86_64 | 1.0.1 | 8.47 | 71.03 | 79.50 | OK | |
r-release-linux-x86_64 | 1.0.1 | 9.25 | 69.09 | 78.34 | OK | |
r-release-macos-arm64 | 1.0.1 | 47.00 | OK | |||
r-release-macos-x86_64 | 1.0.1 | 98.00 | OK | |||
r-release-windows-x86_64 | 1.0.1 | 15.00 | 79.00 | 94.00 | OK | |
r-oldrel-macos-arm64 | 1.0.1 | 51.00 | OK | |||
r-oldrel-macos-x86_64 | 1.0.1 | 112.00 | OK | |||
r-oldrel-windows-x86_64 | 1.0.1 | 17.00 | 88.00 | 105.00 | OK |
Version: 1.0.1
Check: package dependencies
Result: ERROR
Package required but not available: ‘org.Hs.eg.db’
See section ‘The DESCRIPTION file’ in the ‘Writing R Extensions’
manual.
Flavor: r-devel-linux-x86_64-debian-clang