Last updated on 2021-04-11 22:47:18 CEST.
Flavor | Version | Tinstall | Tcheck | Ttotal | Status | Flags |
---|---|---|---|---|---|---|
r-devel-linux-x86_64-debian-clang | 0.1.8 | 32.65 | 176.95 | 209.60 | OK | |
r-devel-linux-x86_64-debian-gcc | 0.1.8 | 23.86 | 131.20 | 155.06 | OK | |
r-devel-linux-x86_64-fedora-clang | 0.1.8 | 258.29 | NOTE | |||
r-devel-linux-x86_64-fedora-gcc | 0.1.8 | 250.08 | NOTE | |||
r-devel-windows-ix86+x86_64 | 0.1.8 | 73.00 | 312.00 | 385.00 | OK | |
r-devel-windows-x86_64-gcc10-UCRT | 0.1.8 | NOTE | ||||
r-patched-linux-x86_64 | 0.1.8 | 25.46 | 160.66 | 186.12 | OK | |
r-patched-solaris-x86 | 0.1.8 | 354.00 | NOTE | |||
r-release-linux-x86_64 | 0.1.8 | 26.01 | 161.66 | 187.67 | OK | |
r-release-macos-x86_64 | 0.1.8 | NOTE | ||||
r-release-windows-ix86+x86_64 | 0.1.8 | 74.00 | 328.00 | 402.00 | OK | |
r-oldrel-macos-x86_64 | 0.1.8 | NOTE | ||||
r-oldrel-windows-ix86+x86_64 | 0.1.8 | 47.00 | 223.00 | 270.00 | OK |
Version: 0.1.8
Check: dependencies in R code
Result: NOTE
Namespaces in Imports field not imported from:
‘doParallel’ ‘goftest’ ‘tidyverse’
All declared Imports should be used.
Flavors: r-devel-linux-x86_64-fedora-clang, r-devel-linux-x86_64-fedora-gcc, r-devel-windows-x86_64-gcc10-UCRT, r-patched-solaris-x86, r-release-macos-x86_64, r-oldrel-macos-x86_64
Version: 0.1.8
Check: Rd cross-references
Result: NOTE
Undeclared packages ‘sure’, ‘truncdist’ in Rd xrefs
Flavor: r-devel-linux-x86_64-fedora-clang