CRAN Package Check Results for Package PBSddesolve

Last updated on 2018-07-17 22:50:48 CEST.

Flavor Version Tinstall Tcheck Ttotal Status Flags
r-devel-linux-x86_64-debian-clang 1.12.2 2.61 23.37 25.98 NOTE
r-devel-linux-x86_64-debian-gcc 1.12.2 2.00 18.62 20.62 NOTE
r-devel-linux-x86_64-fedora-clang 1.12.2 30.32 NOTE
r-devel-linux-x86_64-fedora-gcc 1.12.2 29.21 NOTE
r-devel-windows-ix86+x86_64 1.12.2 11.00 58.00 69.00 OK
r-patched-linux-x86_64 1.12.2 2.46 22.51 24.97 NOTE
r-patched-solaris-x86 1.12.2 42.80 OK
r-release-linux-x86_64 1.12.2 2.30 22.54 24.84 NOTE
r-release-windows-ix86+x86_64 1.12.2 10.00 59.00 69.00 OK
r-release-osx-x86_64 1.12.2 OK
r-oldrel-windows-ix86+x86_64 1.12.2 10.00 50.00 60.00 OK
r-oldrel-osx-x86_64 1.12.2 OK

Additional issues

rchk

Check Details

Version: 1.12.2
Check: compiled code
Result: NOTE
    File ‘PBSddesolve/libs/PBSddesolve.so’:
     Found no calls to: ‘R_registerRoutines’, ‘R_useDynamicSymbols’
    
    It is good practice to register native routines and to disable symbol
    search.
    
    See ‘Writing portable packages’ in the ‘Writing R Extensions’ manual.
Flavors: r-devel-linux-x86_64-debian-clang, r-devel-linux-x86_64-debian-gcc, r-devel-linux-x86_64-fedora-clang, r-devel-linux-x86_64-fedora-gcc, r-patched-linux-x86_64, r-release-linux-x86_64