CRAN Package Check Results for Package PBSmodelling

Last updated on 2018-09-17 22:51:11 CEST.

Flavor Version Tinstall Tcheck Ttotal Status Flags
r-devel-linux-x86_64-debian-clang 2.68.6 16.21 82.99 99.20 OK
r-devel-linux-x86_64-debian-gcc 2.68.6 11.91 65.12 77.03 OK
r-devel-linux-x86_64-fedora-clang 2.68.6 122.10 NOTE
r-devel-linux-x86_64-fedora-gcc 2.68.6 122.81 OK
r-devel-windows-ix86+x86_64 2.68.6 58.00 156.00 214.00 OK
r-patched-linux-x86_64 2.68.6 16.19 80.66 96.85 OK
r-patched-solaris-x86 2.68.6 152.10 NOTE
r-release-linux-x86_64 2.68.6 14.74 79.80 94.54 OK
r-release-windows-ix86+x86_64 2.68.6 27.00 96.00 123.00 OK
r-release-osx-x86_64 2.68.6 NOTE
r-oldrel-windows-ix86+x86_64 2.68.6 30.00 106.00 136.00 OK
r-oldrel-osx-x86_64 2.68.6 OK

Additional issues

rchk

Check Details

Version: 2.68.6
Check: installed package size
Result: NOTE
     installed size is 5.2Mb
     sub-directories of 1Mb or more:
     doc 1.3Mb
     examples 1.7Mb
Flavors: r-devel-linux-x86_64-fedora-clang, r-patched-solaris-x86, r-release-osx-x86_64