CRAN Package Check Results for Package PBSmodelling

Last updated on 2018-12-11 21:48:57 CET.

Flavor Version Tinstall Tcheck Ttotal Status Flags
r-devel-linux-x86_64-debian-clang 2.68.6 19.94 91.06 111.00 OK
r-devel-linux-x86_64-debian-gcc 2.68.6 14.36 70.24 84.60 OK
r-devel-linux-x86_64-fedora-clang 2.68.6 114.45 NOTE
r-devel-linux-x86_64-fedora-gcc 2.68.6 112.47 OK
r-devel-windows-ix86+x86_64 2.68.6 34.00 98.00 132.00 OK
r-patched-linux-x86_64 2.68.6 16.11 80.32 96.43 OK
r-patched-solaris-x86 2.68.6 157.20 NOTE
r-release-linux-x86_64 2.68.6 16.18 80.81 96.99 OK
r-release-windows-ix86+x86_64 2.68.6 40.00 91.00 131.00 OK
r-release-osx-x86_64 2.68.6 NOTE
r-oldrel-windows-ix86+x86_64 2.68.6 17.00 132.00 149.00 OK
r-oldrel-osx-x86_64 2.68.6 OK

Additional issues

rchk

Check Details

Version: 2.68.6
Check: installed package size
Result: NOTE
     installed size is 5.2Mb
     sub-directories of 1Mb or more:
     doc 1.3Mb
     examples 1.7Mb
Flavors: r-devel-linux-x86_64-fedora-clang, r-patched-solaris-x86, r-release-osx-x86_64