CRAN Package Check Results for Package PBSmodelling

Last updated on 2018-06-19 22:54:06 CEST.

Flavor Version Tinstall Tcheck Ttotal Status Flags
r-devel-linux-x86_64-debian-clang 2.68.6 14.20 84.96 99.16 OK
r-devel-linux-x86_64-debian-gcc 2.68.6 12.12 66.13 78.25 OK
r-devel-linux-x86_64-fedora-clang 2.68.6 115.99 NOTE
r-devel-linux-x86_64-fedora-gcc 2.68.6 109.74 OK
r-devel-windows-ix86+x86_64 2.68.6 38.00 142.00 180.00 OK
r-patched-linux-x86_64 2.68.6 13.38 81.01 94.39 OK
r-patched-solaris-x86 2.68.6 151.10 NOTE
r-release-linux-x86_64 2.68.6 14.39 81.06 95.45 OK
r-release-windows-ix86+x86_64 2.68.6 25.00 159.00 184.00 OK
r-release-osx-x86_64 2.68.6 NOTE
r-oldrel-windows-ix86+x86_64 2.68.6 15.00 125.00 140.00 OK
r-oldrel-osx-x86_64 2.68.6 OK

Additional issues

rchk

Check Details

Version: 2.68.6
Check: installed package size
Result: NOTE
     installed size is 5.2Mb
     sub-directories of 1Mb or more:
     doc 1.3Mb
     examples 1.7Mb
Flavors: r-devel-linux-x86_64-fedora-clang, r-patched-solaris-x86, r-release-osx-x86_64