CRAN Package Check Results for Package PCICt

Last updated on 2019-10-16 22:56:05 CEST.

Flavor Version Tinstall Tcheck Ttotal Status Flags
r-devel-linux-x86_64-debian-clang 0.5-4.1 3.95 22.63 26.58 OK
r-devel-linux-x86_64-debian-gcc 0.5-4.1 2.98 18.45 21.43 OK
r-devel-linux-x86_64-fedora-clang 0.5-4.1 34.34 NOTE
r-devel-linux-x86_64-fedora-gcc 0.5-4.1 33.16 NOTE
r-devel-windows-ix86+x86_64 0.5-4.1 26.00 61.00 87.00 OK
r-patched-linux-x86_64 0.5-4.1 3.82 22.42 26.24 OK
r-patched-solaris-x86 0.5-4.1 52.70 OK
r-release-linux-x86_64 0.5-4.1 2.93 22.47 25.40 OK
r-release-windows-ix86+x86_64 0.5-4.1 16.00 46.00 62.00 OK
r-release-osx-x86_64 0.5-4.1 OK
r-oldrel-windows-ix86+x86_64 0.5-4.1 8.00 69.00 77.00 OK
r-oldrel-osx-x86_64 0.5-4.1 OK

Additional issues

rchk

Check Details

Version: 0.5-4.1
Check: compiled code
Result: NOTE
    File ‘PCICt/libs/PCICt.so’:
     Found no call to: ‘R_useDynamicSymbols’
    
    It is good practice to register native routines and to disable symbol
    search.
    
    See ‘Writing portable packages’ in the ‘Writing R Extensions’ manual.
Flavors: r-devel-linux-x86_64-fedora-clang, r-devel-linux-x86_64-fedora-gcc