Last updated on 2024-03-28 23:01:52 CET.
Flavor | Version | Tinstall | Tcheck | Ttotal | Status | Flags |
---|---|---|---|---|---|---|
r-devel-linux-x86_64-debian-clang | 1.0.0 | 8.65 | 114.13 | 122.78 | OK | |
r-devel-linux-x86_64-debian-gcc | 1.0.0 | 6.82 | 86.08 | 92.90 | OK | |
r-devel-linux-x86_64-fedora-clang | 1.0.0 | 152.41 | NOTE | |||
r-devel-linux-x86_64-fedora-gcc | 1.0.0 | 162.73 | NOTE | |||
r-devel-windows-x86_64 | 1.0.0 | 7.00 | 101.00 | 108.00 | OK | |
r-patched-linux-x86_64 | 1.0.0 | 9.02 | 112.44 | 121.46 | OK | |
r-release-linux-x86_64 | 1.0.0 | 7.22 | 112.81 | 120.03 | OK | |
r-release-macos-arm64 | 1.0.0 | 57.00 | OK | |||
r-release-macos-x86_64 | 1.0.0 | 88.00 | OK | |||
r-release-windows-x86_64 | 1.0.0 | 9.00 | 123.00 | 132.00 | OK | |
r-oldrel-macos-arm64 | 1.0.0 | 42.00 | NOTE | |||
r-oldrel-windows-x86_64 | 1.0.0 | 10.00 | 130.00 | 140.00 | OK |
Version: 1.0.0
Check: dependencies in R code
Result: NOTE
Namespace in Imports field not imported from: ‘survival’
All declared Imports should be used.
Flavors: r-devel-linux-x86_64-fedora-clang, r-devel-linux-x86_64-fedora-gcc, r-oldrel-macos-arm64