Last updated on 2024-04-18 22:52:52 CEST.
Flavor | Version | Tinstall | Tcheck | Ttotal | Status | Flags |
---|---|---|---|---|---|---|
r-devel-linux-x86_64-debian-clang | 0.1.9 | 142.83 | 435.16 | 577.99 | NOTE | |
r-devel-linux-x86_64-debian-gcc | 0.1.9 | 133.29 | 300.15 | 433.44 | NOTE | |
r-devel-linux-x86_64-fedora-clang | 0.1.9 | 703.99 | NOTE | |||
r-devel-linux-x86_64-fedora-gcc | 0.1.9 | 760.30 | NOTE | |||
r-prerel-macos-arm64 | 0.1.9 | 152.00 | NOTE | |||
r-prerel-windows-x86_64 | 0.1.9 | 122.00 | 299.00 | 421.00 | NOTE | |
r-patched-linux-x86_64 | 0.1.9 | 169.29 | 399.21 | 568.50 | NOTE | |
r-release-linux-x86_64 | 0.1.9 | 162.21 | 411.65 | 573.86 | NOTE | |
r-release-macos-arm64 | 0.1.9 | 192.00 | NOTE | |||
r-release-macos-x86_64 | 0.1.9 | 281.00 | NOTE | |||
r-release-windows-x86_64 | 0.1.9 | 162.00 | 414.00 | 576.00 | NOTE | |
r-oldrel-macos-arm64 | 0.1.9 | 163.00 | NOTE | |||
r-oldrel-windows-x86_64 | 0.1.9 | 154.00 | 405.00 | 559.00 | OK |
Version: 0.1.9
Check: C++ specification
Result: NOTE
Specified C++11: please drop specification unless essential
Flavors: r-devel-linux-x86_64-debian-clang, r-devel-linux-x86_64-debian-gcc, r-devel-linux-x86_64-fedora-clang, r-devel-linux-x86_64-fedora-gcc, r-prerel-macos-arm64, r-prerel-windows-x86_64, r-patched-linux-x86_64, r-release-linux-x86_64, r-release-macos-arm64, r-release-macos-x86_64, r-release-windows-x86_64
Version: 0.1.9
Check: Rd files
Result: NOTE
checkRd: (-1) MiniBenchmarkRvsCpp.Rd:16: Lost braces in \itemize; meant \describe ?
checkRd: (-1) MiniBenchmarkRvsCpp.Rd:17: Lost braces in \itemize; meant \describe ?
checkRd: (-1) MiniBenchmarkRvsCpp.Rd:18: Lost braces in \itemize; meant \describe ?
Flavors: r-devel-linux-x86_64-debian-clang, r-devel-linux-x86_64-debian-gcc, r-devel-linux-x86_64-fedora-clang, r-devel-linux-x86_64-fedora-gcc, r-prerel-macos-arm64, r-prerel-windows-x86_64, r-patched-linux-x86_64
Version: 0.1.9
Check: installed package size
Result: NOTE
installed size is 33.1Mb
sub-directories of 1Mb or more:
libs 31.9Mb
Flavors: r-prerel-macos-arm64, r-release-macos-arm64, r-release-macos-x86_64, r-oldrel-macos-arm64