Last updated on 2023-12-03 22:57:16 CET.
Flavor | Version | Tinstall | Tcheck | Ttotal | Status | Flags |
---|---|---|---|---|---|---|
r-devel-linux-x86_64-debian-clang | 0.1.9 | 155.78 | 422.82 | 578.60 | NOTE | |
r-devel-linux-x86_64-debian-gcc | 0.1.9 | 127.37 | 303.40 | 430.77 | NOTE | |
r-devel-linux-x86_64-fedora-clang | 0.1.9 | 702.36 | NOTE | |||
r-devel-linux-x86_64-fedora-gcc | 0.1.9 | 756.20 | NOTE | |||
r-devel-windows-x86_64 | 0.1.9 | 126.00 | 303.00 | 429.00 | NOTE | |
r-patched-linux-x86_64 | 0.1.9 | 0.02 | 2.62 | 2.64 | ERROR | |
r-release-linux-x86_64 | 0.1.9 | 155.38 | 390.29 | 545.67 | NOTE | |
r-release-macos-arm64 | 0.1.9 | 192.00 | NOTE | |||
r-release-macos-x86_64 | 0.1.9 | 281.00 | NOTE | |||
r-release-windows-x86_64 | 0.1.9 | 157.00 | 417.00 | 574.00 | NOTE | |
r-oldrel-macos-arm64 | 0.1.9 | 163.00 | NOTE | |||
r-oldrel-macos-x86_64 | 0.1.9 | 302.00 | NOTE | |||
r-oldrel-windows-x86_64 | 0.1.9 | 156.00 | 405.00 | 561.00 | OK |
Version: 0.1.9
Check: C++ specification
Result: NOTE
Specified C++11: please drop specification unless essential
Flavors: r-devel-linux-x86_64-debian-clang, r-devel-linux-x86_64-debian-gcc, r-devel-linux-x86_64-fedora-clang, r-devel-linux-x86_64-fedora-gcc, r-devel-windows-x86_64, r-release-linux-x86_64, r-release-macos-arm64, r-release-macos-x86_64, r-release-windows-x86_64
Version: 0.1.9
Check: Rd files
Result: NOTE
checkRd: (-1) MiniBenchmarkRvsCpp.Rd:16: Lost braces in \itemize; meant \describe ?
checkRd: (-1) MiniBenchmarkRvsCpp.Rd:17: Lost braces in \itemize; meant \describe ?
checkRd: (-1) MiniBenchmarkRvsCpp.Rd:18: Lost braces in \itemize; meant \describe ?
Flavors: r-devel-linux-x86_64-debian-clang, r-devel-linux-x86_64-debian-gcc
Version: 0.1.9
Check: installed package size
Result: NOTE
installed size is 5.0Mb
sub-directories of 1Mb or more:
libs 3.9Mb
Flavors: r-devel-linux-x86_64-fedora-clang, r-release-macos-arm64, r-release-macos-x86_64, r-oldrel-macos-arm64, r-oldrel-macos-x86_64
Version: 0.1.9
Check: whether package can be installed
Result: ERROR
Installation failed.
Flavor: r-patched-linux-x86_64