Last updated on 2023-12-10 22:56:06 CET.
Flavor | Version | Tinstall | Tcheck | Ttotal | Status | Flags |
---|---|---|---|---|---|---|
r-devel-linux-x86_64-debian-clang | 0.0.1 | 89.89 | 70.66 | 160.55 | OK | |
r-devel-linux-x86_64-debian-gcc | 0.0.1 | 67.88 | 51.62 | 119.50 | OK | |
r-devel-linux-x86_64-fedora-clang | 0.0.1 | 186.03 | OK | |||
r-devel-linux-x86_64-fedora-gcc | 0.0.1 | 235.21 | OK | |||
r-devel-windows-x86_64 | 0.0.1 | 59.00 | 94.00 | 153.00 | OK | |
r-patched-linux-x86_64 | 0.0.1 | 80.91 | 70.65 | 151.56 | OK | |
r-release-linux-x86_64 | 0.0.1 | 76.92 | 74.23 | 151.15 | OK | |
r-release-macos-arm64 | 0.0.1 | 82.00 | NOTE | |||
r-release-macos-x86_64 | 0.0.1 | 114.00 | NOTE | |||
r-release-windows-x86_64 | 0.0.1 | 73.00 | 103.00 | 176.00 | OK | |
r-oldrel-macos-arm64 | 0.0.1 | 57.00 | NOTE | |||
r-oldrel-macos-x86_64 | 0.0.1 | 76.00 | NOTE | |||
r-oldrel-windows-x86_64 | 0.0.1 | 67.00 | 106.00 | 173.00 | OK |
Version: 0.0.1
Check: installed package size
Result: NOTE
installed size is 34.1Mb
sub-directories of 1Mb or more:
libs 33.9Mb
Flavors: r-release-macos-arm64, r-release-macos-x86_64, r-oldrel-macos-arm64, r-oldrel-macos-x86_64