Last updated on 2024-04-23 22:55:31 CEST.
Flavor | Version | Tinstall | Tcheck | Ttotal | Status | Flags |
---|---|---|---|---|---|---|
r-devel-linux-x86_64-debian-clang | 0.1 | 1.71 | 20.28 | 21.99 | NOTE | |
r-devel-linux-x86_64-debian-gcc | 0.1 | 1.51 | 15.76 | 17.27 | NOTE | |
r-devel-linux-x86_64-fedora-clang | 0.1 | 28.12 | NOTE | |||
r-devel-linux-x86_64-fedora-gcc | 0.1 | 27.19 | NOTE | |||
r-prerel-macos-arm64 | 0.1 | 13.00 | NOTE | |||
r-prerel-windows-x86_64 | 0.1 | 3.00 | 37.00 | 40.00 | NOTE | |
r-patched-linux-x86_64 | 0.1 | 1.82 | 19.85 | 21.67 | NOTE | |
r-release-linux-x86_64 | 0.1 | 2.02 | 19.90 | 21.92 | NOTE | |
r-release-macos-arm64 | 0.1 | 15.00 | NOTE | |||
r-release-macos-x86_64 | 0.1 | 20.00 | NOTE | |||
r-release-windows-x86_64 | 0.1 | 2.00 | 36.00 | 38.00 | NOTE | |
r-oldrel-macos-arm64 | 0.1 | 13.00 | NOTE | |||
r-oldrel-windows-x86_64 | 0.1 | 14.00 | 48.00 | 62.00 | NOTE |
Version: 0.1
Check: LazyData
Result: NOTE
'LazyData' is specified without a 'data' directory
Flavors: r-devel-linux-x86_64-debian-clang, r-devel-linux-x86_64-debian-gcc, r-devel-linux-x86_64-fedora-clang, r-devel-linux-x86_64-fedora-gcc, r-prerel-macos-arm64, r-prerel-windows-x86_64, r-patched-linux-x86_64, r-release-linux-x86_64, r-release-macos-arm64, r-release-macos-x86_64, r-release-windows-x86_64, r-oldrel-macos-arm64, r-oldrel-windows-x86_64