CRAN Package Check Results for Package PELVIS

Last updated on 2021-04-13 22:53:51 CEST.

Flavor Version Tinstall Tcheck Ttotal Status Flags
r-devel-linux-x86_64-debian-clang 2.0.2 4.40 41.93 46.33 OK
r-devel-linux-x86_64-debian-gcc 2.0.2 3.45 33.57 37.02 OK
r-devel-linux-x86_64-fedora-clang 2.0.2 65.31 OK
r-devel-linux-x86_64-fedora-gcc 2.0.2 54.90 OK
r-devel-windows-ix86+x86_64 2.0.2 10.00 64.00 74.00 OK
r-devel-windows-x86_64-gcc10-UCRT 2.0.2 OK
r-patched-linux-x86_64 2.0.2 4.48 40.61 45.09 OK
r-patched-solaris-x86 2.0.2 88.00 OK
r-release-linux-x86_64 2.0.2 4.45 40.51 44.96 OK
r-release-macos-x86_64 2.0.2 OK
r-release-windows-ix86+x86_64 2.0.2 10.00 65.00 75.00 OK
r-oldrel-macos-x86_64 2.0.2 ERROR
r-oldrel-windows-ix86+x86_64 2.0.0 9.00 55.00 64.00 OK

Check Details

Version: 2.0.2
Check: whether package can be installed
Result: ERROR
    Installation failed.
Flavor: r-oldrel-macos-x86_64