CRAN Package Check Results for Package PET

Last updated on 2018-04-21 22:48:28 CEST.

Flavor Version Tinstall Tcheck Ttotal Status Flags
r-devel-linux-x86_64-debian-clang 0.5.0 10.54 39.01 49.55 OK
r-devel-linux-x86_64-debian-gcc 0.5.1 8.78 30.80 39.58 OK
r-devel-linux-x86_64-fedora-clang 0.5.1 60.11 OK
r-devel-linux-x86_64-fedora-gcc 0.5.1 53.20 OK
r-devel-windows-ix86+x86_64 0.5.1 44.00 86.00 130.00 OK
r-devel-osx-x86_64 0.5.1 OK
r-patched-linux-x86_64 0.5.0 11.60 38.07 49.67 WARN
r-patched-solaris-x86 0.5.1 84.80 OK
r-release-linux-x86_64 0.5.1 8.43 40.44 48.87 OK
r-release-windows-ix86+x86_64 0.5.0 27.00 72.00 99.00 OK
r-release-osx-x86_64 0.5.1 OK
r-oldrel-windows-ix86+x86_64 0.5.0 25.00 64.00 89.00 OK

Check Details

Version: 0.5.0
Check: whether package can be installed
Result: WARN
    Found the following significant warnings:
     amatrix.c:307:36: warning: argument to ‘sizeof’ in ‘memcpy’ call is the same pointer type ‘float *’ as the destination; expected ‘float’ or an explicit length [-Wsizeof-pointer-memaccess]
Flavor: r-patched-linux-x86_64