CRAN Package Check Results for Package PET

Last updated on 2017-11-19 22:49:32.

Flavor Version Tinstall Tcheck Ttotal Status Flags
r-devel-linux-x86_64-debian-clang 0.4.9 5.16 26.96 32.12 NOTE
r-devel-linux-x86_64-debian-gcc 0.4.9 5.92 55.42 61.34 NOTE
r-devel-linux-x86_64-fedora-clang 0.4.9 53.33 NOTE
r-devel-linux-x86_64-fedora-gcc 0.4.9 60.35 NOTE
r-devel-windows-ix86+x86_64 0.4.9 36.00 74.00 110.00 NOTE
r-patched-linux-x86_64 0.4.9 5.02 26.22 31.24 NOTE
r-patched-solaris-x86 0.4.9 86.40 NOTE
r-release-linux-x86_64 0.4.9 5.08 25.94 31.02 NOTE
r-release-windows-ix86+x86_64 0.4.9 26.00 70.00 96.00 NOTE
r-release-osx-x86_64 0.4.9 NOTE
r-oldrel-windows-ix86+x86_64 0.4.9 22.00 66.00 88.00 NOTE
r-oldrel-osx-x86_64 0.4.9 NOTE

Check Details

Version: 0.4.9
Check: top-level files
Result: NOTE
    Non-standard files/directories found at top level:
     ‘COPYRIGHT’ ‘Info’
    Copyright information should be in file inst/COPYRIGHTS
Flavors: r-devel-linux-x86_64-debian-clang, r-devel-linux-x86_64-debian-gcc, r-devel-linux-x86_64-fedora-clang, r-devel-linux-x86_64-fedora-gcc, r-patched-linux-x86_64, r-release-linux-x86_64

Version: 0.4.9
Check: dependencies in R code
Result: NOTE
    'library' or 'require' call to ‘adimpro’ which was already attached by Depends.
     Please remove these calls from your code.
    Package in Depends field not imported from: ‘adimpro’
     These packages need to be imported from (in the NAMESPACE file)
     for when this namespace is loaded but not attached.
Flavors: r-devel-linux-x86_64-debian-clang, r-devel-linux-x86_64-debian-gcc, r-devel-linux-x86_64-fedora-clang, r-devel-linux-x86_64-fedora-gcc, r-devel-windows-ix86+x86_64, r-patched-linux-x86_64, r-patched-solaris-x86, r-release-linux-x86_64, r-release-windows-ix86+x86_64, r-release-osx-x86_64, r-oldrel-windows-ix86+x86_64, r-oldrel-osx-x86_64

Version: 0.4.9
Check: R code for possible problems
Result: NOTE
    Found an obsolete/platform-specific call in the following function:
     ‘viewData’
    Found the platform-specific devices:
     ‘X11’ ‘windows’
    dev.new() is the preferred way to open a new device, in the unlikely
    event one is needed.
    NB: .First.lib is obsolete and will not be used in R >= 3.0.0
    
    infoImage: no visible global function definition for ‘quantile’
    markPoisson: no visible global function definition for ‘runif’
    markPoisson: no visible global function definition for ‘flush.console’
    phantom : model: missing arguments not allowed in calls to ‘c’
    readData: no visible global function definition for ‘read.table’
    readData: no visible global function definition for ‘read.image’
    readSifData: no visible global function definition for ‘flush.console’
    viewData: no visible global function definition for ‘gray’
    viewData: no visible global function definition for ‘dev.cur’
    viewData: no visible global function definition for ‘dev.set’
    viewData: no visible global function definition for ‘X11’
    viewData: no visible global function definition for ‘par’
    viewData: no visible global function definition for ‘image’
    viewData: no visible global function definition for ‘title’
    writeData: no visible global function definition for ‘write.table’
    writeData: no visible global function definition for ‘make.image’
    writeData: no visible global function definition for ‘write.image’
    Undefined global functions or variables:
     X11 dev.cur dev.set flush.console gray image make.image par quantile
     read.image read.table runif title write.image write.table
    Consider adding
     importFrom("grDevices", "X11", "dev.cur", "dev.set", "gray")
     importFrom("graphics", "image", "par", "title")
     importFrom("stats", "quantile", "runif")
     importFrom("utils", "flush.console", "read.table", "write.table")
    to your NAMESPACE file.
Flavors: r-devel-linux-x86_64-debian-clang, r-devel-linux-x86_64-debian-gcc, r-devel-linux-x86_64-fedora-clang, r-devel-linux-x86_64-fedora-gcc, r-patched-linux-x86_64, r-patched-solaris-x86, r-release-linux-x86_64

Version: 0.4.9
Check: compiled code
Result: NOTE
    File ‘PET/libs/PET.so’:
     Found ‘rand’, possibly from ‘rand’ (C)
     Object: ‘art.o’
     Found ‘srand’, possibly from ‘srand’ (C)
     Object: ‘art.o’
     Found ‘stdout’, possibly from ‘stdout’ (C)
     Object: ‘misc.o’
    File ‘PET/libs/PET.so’:
     Found no calls to: ‘R_registerRoutines’, ‘R_useDynamicSymbols’
    
    Compiled code should not call entry points which might terminate R nor
    write to stdout/stderr instead of to the console, nor the system RNG.
    It is good practice to register native routines and to disable symbol
    search.
    
    See ‘Writing portable packages’ in the ‘Writing R Extensions’ manual.
Flavors: r-devel-linux-x86_64-debian-clang, r-devel-linux-x86_64-debian-gcc, r-devel-linux-x86_64-fedora-clang, r-devel-linux-x86_64-fedora-gcc, r-patched-linux-x86_64, r-release-linux-x86_64

Version: 0.4.9
Check: R code for possible problems
Result: NOTE
    NB: .First.lib is obsolete and will not be used in R >= 3.0.0
    
    infoImage: no visible global function definition for 'quantile'
    markPoisson: no visible global function definition for 'runif'
    markPoisson: no visible global function definition for 'flush.console'
    phantom : model: missing arguments not allowed in calls to 'c'
    readData: no visible global function definition for 'read.table'
    readData: no visible global function definition for 'read.image'
    readSifData: no visible global function definition for 'flush.console'
    viewData: no visible global function definition for 'gray'
    viewData: no visible global function definition for 'dev.cur'
    viewData: no visible global function definition for 'dev.set'
    viewData: no visible global function definition for 'X11'
    viewData: no visible global function definition for 'windows'
    viewData: no visible global function definition for 'par'
    viewData: no visible global function definition for 'image'
    viewData: no visible global function definition for 'title'
    writeData: no visible global function definition for 'write.table'
    writeData: no visible global function definition for 'make.image'
    writeData: no visible global function definition for 'write.image'
    Undefined global functions or variables:
     X11 dev.cur dev.set flush.console gray image make.image par quantile
     read.image read.table runif title windows write.image write.table
    Consider adding
     importFrom("grDevices", "X11", "dev.cur", "dev.set", "gray", "windows")
     importFrom("graphics", "image", "par", "title")
     importFrom("stats", "quantile", "runif")
     importFrom("utils", "flush.console", "read.table", "write.table")
    to your NAMESPACE file.
Flavors: r-devel-windows-ix86+x86_64, r-release-windows-ix86+x86_64, r-oldrel-windows-ix86+x86_64

Version: 0.4.9
Check: compiled code
Result: NOTE
    File 'PET/libs/i386/PET.dll':
     Found 'rand', possibly from 'rand' (C)
     Object: 'art.o'
     Found 'srand', possibly from 'srand' (C)
     Object: 'art.o'
    File 'PET/libs/x64/PET.dll':
     Found 'rand', possibly from 'rand' (C)
     Object: 'art.o'
     Found 'srand', possibly from 'srand' (C)
     Object: 'art.o'
    
    Compiled code should not call entry points which might terminate R nor
    write to stdout/stderr instead of to the console, nor the system RNG.
    
    See 'Writing portable packages' in the 'Writing R Extensions' manual.
Flavors: r-devel-windows-ix86+x86_64, r-release-windows-ix86+x86_64

Version: 0.4.9
Check: compiled code
Result: NOTE
    File ‘PET/libs/PET.so’:
     Found ‘rand’, possibly from ‘rand’ (C)
     Object: ‘art.o’
     Found ‘srand’, possibly from ‘srand’ (C)
     Object: ‘art.o’
    
    Compiled code should not call entry points which might terminate R nor
    write to stdout/stderr instead of to the console, nor the system RNG.
    
    See ‘Writing portable packages’ in the ‘Writing R Extensions’ manual.
Flavor: r-patched-solaris-x86

Version: 0.4.9
Check: R code for possible problems
Result: NOTE
    NB: .First.lib is obsolete and will not be used in R >= 3.0.0
    
    infoImage: no visible global function definition for ‘quantile’
    markPoisson: no visible global function definition for ‘runif’
    markPoisson: no visible global function definition for ‘flush.console’
    phantom : model: missing arguments not allowed in calls to ‘c’
    readData: no visible global function definition for ‘read.table’
    readData: no visible global function definition for ‘read.image’
    readSifData: no visible global function definition for ‘flush.console’
    viewData: no visible global function definition for ‘gray’
    viewData: no visible global function definition for ‘dev.cur’
    viewData: no visible global function definition for ‘dev.set’
    viewData: no visible global function definition for ‘X11’
    viewData: no visible global function definition for ‘par’
    viewData: no visible global function definition for ‘image’
    viewData: no visible global function definition for ‘title’
    writeData: no visible global function definition for ‘write.table’
    writeData: no visible global function definition for ‘make.image’
    writeData: no visible global function definition for ‘write.image’
    Undefined global functions or variables:
     X11 dev.cur dev.set flush.console gray image make.image par quantile
     read.image read.table runif title write.image write.table
    Consider adding
     importFrom("grDevices", "X11", "dev.cur", "dev.set", "gray")
     importFrom("graphics", "image", "par", "title")
     importFrom("stats", "quantile", "runif")
     importFrom("utils", "flush.console", "read.table", "write.table")
    to your NAMESPACE file.
Flavors: r-release-osx-x86_64, r-oldrel-osx-x86_64

Version: 0.4.9
Check: compiled code
Result: NOTE
    File ‘PET/libs/PET.so’:
     Found ‘___stdoutp’, possibly from ‘stdout’ (C)
     Object: ‘misc.o’
     Found ‘_rand’, possibly from ‘rand’ (C)
     Object: ‘art.o’
     Found ‘_srand’, possibly from ‘srand’ (C)
     Object: ‘art.o’
    
    Compiled code should not call entry points which might terminate R nor
    write to stdout/stderr instead of to the console, nor the system RNG.
    
    See ‘Writing portable packages’ in the ‘Writing R Extensions’ manual.
Flavors: r-release-osx-x86_64, r-oldrel-osx-x86_64